{"id":14636,"date":"2025-07-23T10:52:50","date_gmt":"2025-07-23T08:52:50","guid":{"rendered":"https:\/\/reservation.inextremis-aventura.fr\/?page_id=14636"},"modified":"2025-07-23T10:52:50","modified_gmt":"2025-07-23T08:52:50","slug":"inextremis-aventura-barranquisme","status":"publish","type":"page","link":"https:\/\/reservation.inextremis-aventura.fr\/ca\/inextremis-aventura-barranquisme\/","title":{"rendered":"Inextremis Aventura Barranquisme"},"content":{"rendered":"<div class=\"wpb-content-wrapper\"><p>[vc_row full_width=&#8221;stretch_row_content_no_spaces&#8221; css=&#8221;.vc_custom_1677512879833{background-color: #fb2056 !important;}&#8221; el_class=&#8221;white&#8221;][vc_column width=&#8221;1\/3&#8243;][vc_column_text css=&#8221;.vc_custom_1677512637096{margin-left: 20px !important;}&#8221; el_class=&#8221;barre&#8221;]<strong><a class=\"blanc\" title=\"Contacteu-nos!\" href=\"https:\/\/reservation.inextremis-aventura.fr\/nous-contacter\/\"><img loading=\"lazy\" decoding=\"async\" title=\"Contacteu-nos!\" src=\"https:\/\/www.inextremis-aventura.fr\/wp-content\/uploads\/2014\/03\/contact.png\" alt=\"Contacteu-nos!\" width=\"25\" height=\"15\" \/> Contacteu-nos! <\/a><\/strong>[\/vc_column_text][\/vc_column][vc_column width=&#8221;1\/3&#8243; offset=&#8221;vc_col-sm-offset-0 vc_hidden-sm vc_hidden-xs&#8221;][vc_column_text css=&#8221;&#8221;]<strong> \u260f +33 980 850 565<\/strong>[\/vc_column_text][\/vc_column][vc_column width=&#8221;1\/3&#8243; full_width=&#8221;stretch_row_content_no_spaces&#8221; gap=&#8221;0&#8243; full_height=&#8221;&#8221; columns_placement=&#8221;middle&#8221; equal_height=&#8221;&#8221; rtl_reverse=&#8221;&#8221; content_placement=&#8221;&#8221; disable_element=&#8221;&#8221; offset=&#8221;vc_col-sm-offset-0 vc_hidden-sm vc_hidden-xs&#8221;][vc_column_text css=&#8221;&#8221;]<strong>\u260f +33 629 564 036<\/strong><\/p>\n<p>[\/vc_column_text][\/vc_column][\/vc_row][vc_row row_type=&#8221;section&#8221; type=&#8221;full_width&#8221; text_align=&#8221;left&#8221; video=&#8221;&#8221; css=&#8221;.vc_custom_1638557811979{margin-top: 30px !important;margin-right: 20px !important;margin-left: 20px !important;}&#8221;][vc_column][vc_column_text]<\/p>\n<h2>L&#8217;ag\u00e8ncia Inextremis Aventura!..<\/h2>\n<p>[\/vc_column_text][vc_column_text]Inextremis Aventura, una ag\u00e8ncia receptiva especialitzada en barranquisme, est\u00e0 al vostre servei per organitzar les vostres sortides de barranquisme amb fam\u00edlia, amics, per a principiants o bussejadors experimentats. Un equip de professionals de camp, catalans nadius, enamorats de la seva terra catalana natal, que han establert la seva llar al cor dels Pirineus Orientals, a la petita ciutat de C\u00e9ret&#8230;<br \/>\nEstablida al pa\u00eds catal\u00e0 des del 1998, la nostra empresa ofereix activitats esportives a l&#8217;aire lliure, com ara el barranquisme, en forma de sortides de mig dia i de dia complet, caps de setmana, cursos i viatges esportius.<br \/>\nEl barranquisme est\u00e0 obert a tothom: adults, adolescents, nens, associacions, organitzacions socials, comit\u00e8s d&#8217;empresa i grups d&#8217;amics de tots els nivells. L&#8217;equip est\u00e0 dirigit per instructors de barranquisme certificats per l&#8217;estat franc\u00e8s amb molts anys d&#8217;experi\u00e8ncia&#8230;[\/vc_column_text][vc_column_text]Inextremis Aventura tamb\u00e9 treballa amb altres prove\u00efdors de serveis, oferint caps de setmana i estades tem\u00e0tiques que combinen barranquisme, allotjament i restauraci\u00f3 a Fran\u00e7a i la Catalunya espanyola&#8230;<br \/>\nUna ag\u00e8ncia veritablement receptiva, especialitzada en barrancs catalans, que pot organitzar per a vosaltres: comiats de solter\/a, seminaris, reunions, raids, viatges d&#8217;incentiu i altres esdeveniments esportius.<br \/>\nInextremis Aventura va n\u00e9ixer de la passi\u00f3 pels esports tradicionals i extrems a l&#8217;aire lliure. Jean i Sabrina VILALLONGUE, catalans nadius i catalans d&#8217;adopci\u00f3, han desenvolupat al llarg dels anys una s\u00e8rie de viatges a l&#8217;aire lliure amb els millors professionals del sector per descobrir la Catalunya sense fronteres en la seva totalitat, C\u00f2rsega, terra de mil llums i paisatges, i Arag\u00f3, un rac\u00f3 ins\u00f2lit d&#8217;Espanya.<\/p>\n<h2>Jean Vilallongue &#8211; Instructor de barrancs &#8211; AEM<\/h2>\n<p>Instructor d&#8217;alpinisme i barrancs titulat per l&#8217;estat franc\u00e8s. El vostre guia \u00e9s un dels principals especialistes en barrancs dels Pirineus Orientals i, sobretot, \u00e9s barranquista.<br \/>\nOriginari de Prats de Moll\u00f3 la Preste, als Pirineus Orientals, divideix el seu temps entre el seu poble, els seus viatges, la seva feina i les muntanyes, que han estat la seva llar des de la seva primera inf\u00e0ncia. Apassionat per aquest m\u00f3n, va comen\u00e7ar a practicar l&#8217;alpinisme de ben jove amb la seva mare. Aviat es va sentir atret pel m\u00f3n vertical i va practicar l&#8217;escalada i l&#8217;alpinisme fins als Andes del Per\u00fa i Bol\u00edvia.<br \/>\nEl 1983, juntament amb un company espele\u00f2leg, va descobrir els barrancs catalans. Es va fixar en aquesta activitat viatjant a Sant Aniol d&#8217;Aguja, a Catalunya, als 17 anys (amb un pit\u00f3 col\u00b7locat), una veritable expedici\u00f3 en l&#8217;\u00e8poca en qu\u00e8 calia equipar-se abans de baixar.<br \/>\nVa obrir i participar en l&#8217;equipament dels primers barrancs dels Pirineus Orientals, al Vallespir, convertint-se en un dels pioners d&#8217;aquesta activitat. El seg\u00fcent pas va ser l\u00f2gic!<br \/>\nNombroses trobades amb barrancs dels Pirineus francoespanyols i altres destinacions: Illes Balears, Illes Can\u00e0ries, Sierra de Guara, C\u00f2rsega, Alps Mar\u00edtims i Per\u00fa, on, acompanyats d&#8217;un guia local, van obrir i equipar un barranc a la regi\u00f3 del Cusco. Nom\u00e9s li quedava compartir la seva passi\u00f3 i experi\u00e8ncia entrenant-se i obtenint el seu certificat estatal d&#8217;alpinisme i la seva qualificaci\u00f3 de barranquisme. Inicialment, va dirigir el Centre Recreatiu Municipal de Prats de Moll\u00f3 la Preste durant 10 anys. Va marxar a Espanya el 1998 per dirigir una empresa multiesportiva. Des que va tornar el 2006, ha tornat a treballar per compte propi als Pirineus Orientals.<br \/>\nAmb 42 anys d&#8217;experi\u00e8ncia amb els peus a l&#8217;aigua en barrancs de diverses regions de Fran\u00e7a i Espanya, s&#8217;ha especialitzat des del 1988 en els barrancs dels vessants sud i nord dels Pirineus catalans, al seu &#8220;pa\u00eds&#8221; on va n\u00e9ixer i cr\u00e9ixer, i que estima especialment.<\/p>\n<p>Seguit apassionat pel tema, va ser president del GPC66 (Agrupaci\u00f3 de professionals del barranc dels Pirineus Orientals) fins al 2016. Va treballar amb els membres d&#8217;aquesta organitzaci\u00f3, companys de professi\u00f3, per desenvolupar un pla log\u00edstic i institucional per a l&#8217;activitat per defensar els interessos dels seus companys de professi\u00f3 als Pirineus Orientals, aix\u00ed com per organitzar les operacions d&#8217;equipament, neteja i urbanitzaci\u00f3 dels barrancs. Espera veure aquesta activitat inclosa en el pla de desenvolupament regional en forma de PDSIE (Pla de Desenvolupament Immobiliari) per a les futures generacions, per tal de fer d&#8217;aquest pa\u00eds una de les principals destinacions europees per al barranquisme d&#8217;alta qualitat i permetre als professionals practicar en condicions \u00f2ptimes.<\/p>\n<h2>Sabrina Vilallongue, Instructora Esportiva &#8211; AEM<\/h2>\n<p>Guia de muntanya, barranquista i instructora esportiva titulada per l&#8217;estat, ser\u00e0 el vostre contacte per organitzar les vostres sortides i estades amb nosaltres.<\/p>\n<p>La Sabrina s&#8217;encarregar\u00e0 de la recepci\u00f3 telef\u00f2nica i organitzar\u00e0 la vostra sortida o estada. Professional, us guiar\u00e0 i assessorar\u00e0 sobre una activitat o estada adaptada als vostres desitjos i necessitats.<\/p>\n<p>Nascuda a Caen, al Calvados, la nostra petita normanda nom\u00e9s t\u00e9 ulls per a la muntanya. Despr\u00e9s de nombrosos viatges als Alps, va descobrir els Pirineus catalans el 1997. Apassionada per l&#8217;escalada, el barranquisme i el senderisme, va viatjar r\u00e0pidament per tot el Pa\u00eds Catal\u00e0, despr\u00e9s va decidir establir-se a Espanya, on va treballar amb la seva futura parella a Camprodon i es va convertir r\u00e0pidament en una aut\u00e8ntica addicta al barranquisme.<br \/>\nSempre que pot, la Sabrina us acull al peu de cada cascada a les aig\u00fces tumultuoses dels canyons francesos.<br \/>\nTotes dues formen un equip de professionals, cadascuna amb un rol clarament definit.<br \/>\nQui millor que un expert experimentat en barranquisme per explicar-te qu\u00e8 est\u00e0s a punt de fer?[\/vc_column_text][\/vc_column][\/vc_row]<\/p>\n<\/div>","protected":false},"excerpt":{"rendered":"<p>[vc_row full_width=&#8221;stretch_row_content_no_spaces&#8221; css=&#8221;.vc_custom_1677512879833{background-color: #fb2056 !important;}&#8221; el_class=&#8221;white&#8221;][vc_column width=&#8221;1\/3&#8243;][vc_column_text css=&#8221;.vc_custom_1677512637096{margin-left: 20px !important;}&#8221; el_class=&#8221;barre&#8221;] Contacteu-nos! [\/vc_column_text][\/vc_column][vc_column width=&#8221;1\/3&#8243; offset=&#8221;vc_col-sm-offset-0 vc_hidden-sm vc_hidden-xs&#8221;][vc_column_text css=&#8221;&#8221;] \u260f +33 980 850 565[\/vc_column_text][\/vc_column][vc_column width=&#8221;1\/3&#8243; full_width=&#8221;stretch_row_content_no_spaces&#8221; gap=&#8221;0&#8243; full_height=&#8221;&#8221; columns_placement=&#8221;middle&#8221; equal_height=&#8221;&#8221; rtl_reverse=&#8221;&#8221; content_placement=&#8221;&#8221; disable_element=&#8221;&#8221; offset=&#8221;vc_col-sm-offset-0 vc_hidden-sm vc_hidden-xs&#8221;][vc_column_text css=&#8221;&#8221;]\u260f +33 629 564 036 [\/vc_column_text][\/vc_column][\/vc_row][vc_row row_type=&#8221;section&#8221; type=&#8221;full_width&#8221; text_align=&#8221;left&#8221; video=&#8221;&#8221; css=&#8221;.vc_custom_1638557811979{margin-top: 30px !important;margin-right: 20px !important;margin-left: 20px !important;}&#8221;][vc_column][vc_column_text] L&#8217;ag\u00e8ncia Inextremis Aventura!.. [&hellip;]<\/p>\n","protected":false},"author":1,"featured_media":5405,"parent":0,"menu_order":0,"comment_status":"closed","ping_status":"closed","template":"","meta":{"_acf_changed":false,"_seopress_robots_primary_cat":"","_seopress_titles_title":"","_seopress_titles_desc":"","_seopress_robots_index":"","site-sidebar-layout":"no-sidebar","site-content-layout":"plain-container","ast-site-content-layout":"normal-width-container","site-content-style":"unboxed","site-sidebar-style":"unboxed","ast-global-header-display":"","ast-banner-title-visibility":"","ast-main-header-display":"","ast-hfb-above-header-display":"","ast-hfb-below-header-display":"","ast-hfb-mobile-header-display":"","site-post-title":"disabled","ast-breadcrumbs-content":"","ast-featured-img":"disabled","footer-sml-layout":"","ast-disable-related-posts":"","theme-transparent-header-meta":"enabled","adv-header-id-meta":"12748","stick-header-meta":"enabled","header-above-stick-meta":"","header-main-stick-meta":"on","header-below-stick-meta":"","astra-migrate-meta-layouts":"set","ast-page-background-enabled":"default","ast-page-background-meta":{"desktop":{"background-color":"var(--ast-global-color-4)","background-image":"","background-repeat":"repeat","background-position":"center center","background-size":"auto","background-attachment":"scroll","background-type":"","background-media":"","overlay-type":"","overlay-color":"","overlay-opacity":"","overlay-gradient":""},"tablet":{"background-color":"","background-image":"","background-repeat":"repeat","background-position":"center center","background-size":"auto","background-attachment":"scroll","background-type":"","background-media":"","overlay-type":"","overlay-color":"","overlay-opacity":"","overlay-gradient":""},"mobile":{"background-color":"","background-image":"","background-repeat":"repeat","background-position":"center center","background-size":"auto","background-attachment":"scroll","background-type":"","background-media":"","overlay-type":"","overlay-color":"","overlay-opacity":"","overlay-gradient":""}},"ast-content-background-meta":{"desktop":{"background-color":"var(--ast-global-color-5)","background-image":"","background-repeat":"repeat","background-position":"center center","background-size":"auto","background-attachment":"scroll","background-type":"","background-media":"","overlay-type":"","overlay-color":"","overlay-opacity":"","overlay-gradient":""},"tablet":{"background-color":"var(--ast-global-color-5)","background-image":"","background-repeat":"repeat","background-position":"center center","background-size":"auto","background-attachment":"scroll","background-type":"","background-media":"","overlay-type":"","overlay-color":"","overlay-opacity":"","overlay-gradient":""},"mobile":{"background-color":"var(--ast-global-color-5)","background-image":"","background-repeat":"repeat","background-position":"center center","background-size":"auto","background-attachment":"scroll","background-type":"","background-media":"","overlay-type":"","overlay-color":"","overlay-opacity":"","overlay-gradient":""}},"_glsr_average":0,"_glsr_ranking":0,"_glsr_reviews":0,"footnotes":""},"class_list":["post-14636","page","type-page","status-publish","has-post-thumbnail","hentry"],"acf":[],"_links":{"self":[{"href":"https:\/\/reservation.inextremis-aventura.fr\/ca\/wp-json\/wp\/v2\/pages\/14636","targetHints":{"allow":["GET"]}}],"collection":[{"href":"https:\/\/reservation.inextremis-aventura.fr\/ca\/wp-json\/wp\/v2\/pages"}],"about":[{"href":"https:\/\/reservation.inextremis-aventura.fr\/ca\/wp-json\/wp\/v2\/types\/page"}],"author":[{"embeddable":true,"href":"https:\/\/reservation.inextremis-aventura.fr\/ca\/wp-json\/wp\/v2\/users\/1"}],"replies":[{"embeddable":true,"href":"https:\/\/reservation.inextremis-aventura.fr\/ca\/wp-json\/wp\/v2\/comments?post=14636"}],"version-history":[{"count":1,"href":"https:\/\/reservation.inextremis-aventura.fr\/ca\/wp-json\/wp\/v2\/pages\/14636\/revisions"}],"predecessor-version":[{"id":14639,"href":"https:\/\/reservation.inextremis-aventura.fr\/ca\/wp-json\/wp\/v2\/pages\/14636\/revisions\/14639"}],"wp:featuredmedia":[{"embeddable":true,"href":"https:\/\/reservation.inextremis-aventura.fr\/ca\/wp-json\/wp\/v2\/media\/5405"}],"wp:attachment":[{"href":"https:\/\/reservation.inextremis-aventura.fr\/ca\/wp-json\/wp\/v2\/media?parent=14636"}],"curies":[{"name":"wp","href":"https:\/\/api.w.org\/{rel}","templated":true}]}}

<div class="wpb-content-wrapper"><p>[vc_row full_width=&#8221;stretch_row_content_no_spaces&#8221; css=&#8221;.vc_custom_1677512879833{background-color: #fb2056 !important;}&#8221; el_class=&#8221;white&#8221;][vc_column width=&#8221;1/3&#8243;][vc_column_text css=&#8221;.vc_custom_1677512637096{margin-left: 20px !important;}&#8221; el_class=&#8221;barre&#8221;]<strong><a class="blanc" title="Contacteu-nos!" href="https://reservation.inextremis-aventura.fr/nous-contacter/"><img loading="lazy" decoding="async" title="Contacteu-nos!" src="https://www.inextremis-aventura.fr/wp-content/uploads/2014/03/contact.png" alt="Contacteu-nos!" width="25" height="15" /> Contacteu-nos! </a></strong>[/vc_column_text][/vc_column][vc_column width=&#8221;1/3&#8243; offset=&#8221;vc_col-sm-offset-0 vc_hidden-sm vc_hidden-xs&#8221;][vc_column_text css=&#8221;&#8221;]<strong> ☏ +33 980 850 565</strong>[/vc_column_text][/vc_column][vc_column width=&#8221;1/3&#8243; full_width=&#8221;stretch_row_content_no_spaces&#8221; gap=&#8221;0&#8243; full_height=&#8221;&#8221; columns_placement=&#8221;middle&#8221; equal_height=&#8221;&#8221; rtl_reverse=&#8221;&#8221; content_placement=&#8221;&#8221; disable_element=&#8221;&#8221; offset=&#8221;vc_col-sm-offset-0 vc_hidden-sm vc_hidden-xs&#8221;][vc_column_text css=&#8221;&#8221;]<strong>☏ +33 629 564 036</strong></p>
<p>[/vc_column_text][/vc_column][/vc_row][vc_row row_type=&#8221;section&#8221; type=&#8221;full_width&#8221; text_align=&#8221;left&#8221; video=&#8221;&#8221; css=&#8221;.vc_custom_1638557811979{margin-top: 30px !important;margin-right: 20px !important;margin-left: 20px !important;}&#8221;][vc_column][vc_column_text]</p>
<h2>L&#8217;agència Inextremis Aventura!..</h2>
<p>[/vc_column_text][vc_column_text]Inextremis Aventura, una agència receptiva especialitzada en barranquisme, està al vostre servei per organitzar les vostres sortides de barranquisme amb família, amics, per a principiants o bussejadors experimentats. Un equip de professionals de camp, catalans nadius, enamorats de la seva terra catalana natal, que han establert la seva llar al cor dels Pirineus Orientals, a la petita ciutat de Céret&#8230;<br />
Establida al país català des del 1998, la nostra empresa ofereix activitats esportives a l&#8217;aire lliure, com ara el barranquisme, en forma de sortides de mig dia i de dia complet, caps de setmana, cursos i viatges esportius.<br />
El barranquisme està obert a tothom: adults, adolescents, nens, associacions, organitzacions socials, comitès d&#8217;empresa i grups d&#8217;amics de tots els nivells. L&#8217;equip està dirigit per instructors de barranquisme certificats per l&#8217;estat francès amb molts anys d&#8217;experiència&#8230;[/vc_column_text][vc_column_text]Inextremis Aventura també treballa amb altres proveïdors de serveis, oferint caps de setmana i estades temàtiques que combinen barranquisme, allotjament i restauració a França i la Catalunya espanyola&#8230;<br />
Una agència veritablement receptiva, especialitzada en barrancs catalans, que pot organitzar per a vosaltres: comiats de solter/a, seminaris, reunions, raids, viatges d&#8217;incentiu i altres esdeveniments esportius.<br />
Inextremis Aventura va néixer de la passió pels esports tradicionals i extrems a l&#8217;aire lliure. Jean i Sabrina VILALLONGUE, catalans nadius i catalans d&#8217;adopció, han desenvolupat al llarg dels anys una sèrie de viatges a l&#8217;aire lliure amb els millors professionals del sector per descobrir la Catalunya sense fronteres en la seva totalitat, Còrsega, terra de mil llums i paisatges, i Aragó, un racó insòlit d&#8217;Espanya.</p>
<h2>Jean Vilallongue &#8211; Instructor de barrancs &#8211; AEM</h2>
<p>Instructor d&#8217;alpinisme i barrancs titulat per l&#8217;estat francès. El vostre guia és un dels principals especialistes en barrancs dels Pirineus Orientals i, sobretot, és barranquista.<br />
Originari de Prats de Molló la Preste, als Pirineus Orientals, divideix el seu temps entre el seu poble, els seus viatges, la seva feina i les muntanyes, que han estat la seva llar des de la seva primera infància. Apassionat per aquest món, va començar a practicar l&#8217;alpinisme de ben jove amb la seva mare. Aviat es va sentir atret pel món vertical i va practicar l&#8217;escalada i l&#8217;alpinisme fins als Andes del Perú i Bolívia.<br />
El 1983, juntament amb un company espeleòleg, va descobrir els barrancs catalans. Es va fixar en aquesta activitat viatjant a Sant Aniol d&#8217;Aguja, a Catalunya, als 17 anys (amb un pitó col·locat), una veritable expedició en l&#8217;època en què calia equipar-se abans de baixar.<br />
Va obrir i participar en l&#8217;equipament dels primers barrancs dels Pirineus Orientals, al Vallespir, convertint-se en un dels pioners d&#8217;aquesta activitat. El següent pas va ser lògic!<br />
Nombroses trobades amb barrancs dels Pirineus francoespanyols i altres destinacions: Illes Balears, Illes Canàries, Sierra de Guara, Còrsega, Alps Marítims i Perú, on, acompanyats d&#8217;un guia local, van obrir i equipar un barranc a la regió del Cusco. Només li quedava compartir la seva passió i experiència entrenant-se i obtenint el seu certificat estatal d&#8217;alpinisme i la seva qualificació de barranquisme. Inicialment, va dirigir el Centre Recreatiu Municipal de Prats de Molló la Preste durant 10 anys. Va marxar a Espanya el 1998 per dirigir una empresa multiesportiva. Des que va tornar el 2006, ha tornat a treballar per compte propi als Pirineus Orientals.<br />
Amb 42 anys d&#8217;experiència amb els peus a l&#8217;aigua en barrancs de diverses regions de França i Espanya, s&#8217;ha especialitzat des del 1988 en els barrancs dels vessants sud i nord dels Pirineus catalans, al seu &#8220;país&#8221; on va néixer i créixer, i que estima especialment.</p>
<p>Seguit apassionat pel tema, va ser president del GPC66 (Agrupació de professionals del barranc dels Pirineus Orientals) fins al 2016. Va treballar amb els membres d&#8217;aquesta organització, companys de professió, per desenvolupar un pla logístic i institucional per a l&#8217;activitat per defensar els interessos dels seus companys de professió als Pirineus Orientals, així com per organitzar les operacions d&#8217;equipament, neteja i urbanització dels barrancs. Espera veure aquesta activitat inclosa en el pla de desenvolupament regional en forma de PDSIE (Pla de Desenvolupament Immobiliari) per a les futures generacions, per tal de fer d&#8217;aquest país una de les principals destinacions europees per al barranquisme d&#8217;alta qualitat i permetre als professionals practicar en condicions òptimes.</p>
<h2>Sabrina Vilallongue, Instructora Esportiva &#8211; AEM</h2>
<p>Guia de muntanya, barranquista i instructora esportiva titulada per l&#8217;estat, serà el vostre contacte per organitzar les vostres sortides i estades amb nosaltres.</p>
<p>La Sabrina s&#8217;encarregarà de la recepció telefònica i organitzarà la vostra sortida o estada. Professional, us guiarà i assessorarà sobre una activitat o estada adaptada als vostres desitjos i necessitats.</p>
<p>Nascuda a Caen, al Calvados, la nostra petita normanda només té ulls per a la muntanya. Després de nombrosos viatges als Alps, va descobrir els Pirineus catalans el 1997. Apassionada per l&#8217;escalada, el barranquisme i el senderisme, va viatjar ràpidament per tot el País Català, després va decidir establir-se a Espanya, on va treballar amb la seva futura parella a Camprodon i es va convertir ràpidament en una autèntica addicta al barranquisme.<br />
Sempre que pot, la Sabrina us acull al peu de cada cascada a les aigües tumultuoses dels canyons francesos.<br />
Totes dues formen un equip de professionals, cadascuna amb un rol clarament definit.<br />
Qui millor que un expert experimentat en barranquisme per explicar-te què estàs a punt de fer?[/vc_column_text][/vc_column][/vc_row]</p>
</div>

<p>[vc_row full_width=&#8221;stretch_row_content_no_spaces&#8221; css=&#8221;.vc_custom_1677512879833{background-color: #fb2056 !important;}&#8221; el_class=&#8221;white&#8221;][vc_column width=&#8221;1/3&#8243;][vc_column_text css=&#8221;.vc_custom_1677512637096{margin-left: 20px !important;}&#8221; el_class=&#8221;barre&#8221;] Contacteu-nos! [/vc_column_text][/vc_column][vc_column width=&#8221;1/3&#8243; offset=&#8221;vc_col-sm-offset-0 vc_hidden-sm vc_hidden-xs&#8221;][vc_column_text css=&#8221;&#8221;] ☏ +33 980 850 565[/vc_column_text][/vc_column][vc_column width=&#8221;1/3&#8243; full_width=&#8221;stretch_row_content_no_spaces&#8221; gap=&#8221;0&#8243; full_height=&#8221;&#8221; columns_placement=&#8221;middle&#8221; equal_height=&#8221;&#8221; rtl_reverse=&#8221;&#8221; content_placement=&#8221;&#8221; disable_element=&#8221;&#8221; offset=&#8221;vc_col-sm-offset-0 vc_hidden-sm vc_hidden-xs&#8221;][vc_column_text css=&#8221;&#8221;]☏ +33 629 564 036 [/vc_column_text][/vc_column][/vc_row][vc_row row_type=&#8221;section&#8221; type=&#8221;full_width&#8221; text_align=&#8221;left&#8221; video=&#8221;&#8221; css=&#8221;.vc_custom_1638557811979{margin-top: 30px !important;margin-right: 20px !important;margin-left: 20px !important;}&#8221;][vc_column][vc_column_text] L&#8217;agència Inextremis Aventura!.. [&hellip;]</p>
