{"id":11841,"date":"2023-05-27T12:26:41","date_gmt":"2023-05-27T10:26:41","guid":{"rendered":"https:\/\/reservation.inextremis-aventura.fr\/activites\/sense%20categoria\/via-ferrata-la-pichona-saint-paul-de-fenouillet\/"},"modified":"2025-07-27T21:58:02","modified_gmt":"2025-07-27T19:58:02","slug":"via-ferrata-la-pichona-sant-pau-de-fenollet","status":"publish","type":"product","link":"https:\/\/reservation.inextremis-aventura.fr\/ca\/activitats\/via-ferrata-la-pichona-sant-pau-de-fenollet\/","title":{"rendered":"Via Ferrata La Pichona &#8211; Sant Pau de Fenollet"},"content":{"rendered":"<p><strong>Escalada, escalada, travessa, escalada, vorejant, travessa, recorreguts aeris, vies altes, vies, gas, vistes a la vall, vertigen, buit, ets a la Via Ferrata. Cada cop s\u00f3n m\u00e9s les fam\u00edlies que escullen la Via Ferrata com una nova forma de descobrir la muntanya. <\/strong><\/p>\n","protected":false},"excerpt":{"rendered":"<p><strong>Curs d&#8217;iniciaci\u00f3 a la Via Ferrata a Saint Paul de Fenouillet per a una primera aproximaci\u00f3 al m\u00f3n vertical.<\/strong><br \/>\nExcel\u00b7lent exercici i primer pas a la vertical per a nens a partir de 8 anys, ideal per a fam\u00edlies amb nens que no hagin escalat mai abans.<\/p>\n","protected":false},"featured_media":12928,"comment_status":"closed","ping_status":"closed","template":"","meta":{"_acf_changed":false,"_seopress_robots_primary_cat":"none","_seopress_titles_title":"%%post_title%%","_seopress_titles_desc":"%%post_excerpt%%","_seopress_robots_index":"","site-sidebar-layout":"no-sidebar","site-content-layout":"page-builder","ast-site-content-layout":"full-width-container","site-content-style":"unboxed","site-sidebar-style":"unboxed","ast-global-header-display":"","ast-banner-title-visibility":"","ast-main-header-display":"","ast-hfb-above-header-display":"","ast-hfb-below-header-display":"","ast-hfb-mobile-header-display":"","site-post-title":"disabled","ast-breadcrumbs-content":"","ast-featured-img":"disabled","footer-sml-layout":"","ast-disable-related-posts":"","theme-transparent-header-meta":"default","adv-header-id-meta":"","stick-header-meta":"default","header-above-stick-meta":"","header-main-stick-meta":"","header-below-stick-meta":"","astra-migrate-meta-layouts":"set","ast-page-background-enabled":"default","ast-page-background-meta":{"desktop":{"background-color":"var(--ast-global-color-4)","background-image":"","background-repeat":"repeat","background-position":"center center","background-size":"auto","background-attachment":"scroll","background-type":"","background-media":"","overlay-type":"","overlay-color":"","overlay-opacity":"","overlay-gradient":""},"tablet":{"background-color":"","background-image":"","background-repeat":"repeat","background-position":"center center","background-size":"auto","background-attachment":"scroll","background-type":"","background-media":"","overlay-type":"","overlay-color":"","overlay-opacity":"","overlay-gradient":""},"mobile":{"background-color":"","background-image":"","background-repeat":"repeat","background-position":"center center","background-size":"auto","background-attachment":"scroll","background-type":"","background-media":"","overlay-type":"","overlay-color":"","overlay-opacity":"","overlay-gradient":""}},"ast-content-background-meta":{"desktop":{"background-color":"var(--ast-global-color-5)","background-image":"","background-repeat":"repeat","background-position":"center center","background-size":"auto","background-attachment":"scroll","background-type":"","background-media":"","overlay-type":"","overlay-color":"","overlay-opacity":"","overlay-gradient":""},"tablet":{"background-color":"var(--ast-global-color-5)","background-image":"","background-repeat":"repeat","background-position":"center center","background-size":"auto","background-attachment":"scroll","background-type":"","background-media":"","overlay-type":"","overlay-color":"","overlay-opacity":"","overlay-gradient":""},"mobile":{"background-color":"var(--ast-global-color-5)","background-image":"","background-repeat":"repeat","background-position":"center center","background-size":"auto","background-attachment":"scroll","background-type":"","background-media":"","overlay-type":"","overlay-color":"","overlay-opacity":"","overlay-gradient":""}},"_glsr_average":5,"_glsr_ranking":3.636363636363599827205916881212033331394195556640625,"_glsr_reviews":1},"product_brand":[238],"product_cat":[219,192],"product_tag":[],"class_list":{"0":"post-11841","1":"product","2":"type-product","3":"status-publish","4":"has-post-thumbnail","6":"product_brand-sableo-ca","7":"product_cat-via-ferrata-ruta-iniciacio","8":"product_cat-via-ferrata-ca","9":"desktop-align-center","10":"tablet-align-left","11":"mobile-align-left","12":"ast-product-gallery-layout-horizontal","13":"ast-magnify-disabled","15":"first","16":"instock","17":"virtual","18":"sold-individually","19":"purchasable","20":"product-type-booking"},"acf":{"short_description_en_h2":"","description_de_la_sortie":"<h3>Curs de Via Ferrata per a principiants a Saint Paul de Fenouillet per a una primera aproximaci\u00f3 al penya-segat.<\/h3>\r\n<b>Nivell:<\/b> principiant, ideal per a fam\u00edlies amb nens que no han practicat mai\r\nExposici\u00f3: sud-oest \u2013 Sense escapat\u00f2ria.\r\n<b>Edat:<\/b> A partir de 8 anys\r\n<b>Durada:<\/b>aproximadament 2 hores\r\n<h3>Organitzaci\u00f3 i amp; Supervisi\u00f3 de via Ferrata<\/h3>\r\nPerqu\u00e8 es pugui desenvolupar una sortida es requereix un m\u00ednim de 4 persones. Si sou menys de 4 persones i voleu fer una Via Ferrata supervisada per un monitor, feu clic a les dates amb una l\u00ednia a continuaci\u00f3 (sortida garantida), per saber les places que queden o poseu-vos en contacte amb nosaltres al 06 29 56 40 36, intentarem trobar una soluci\u00f3 per a vost\u00e8.","materiel_fourni_pour_votre_descente":"<h3>Equip proporcionat per al teu descens<\/h3>\r\n<ul>\r\n \t<li>Arn\u00e8s amb cordons dobles<\/li>\r\n \t<li>Casc<\/li>\r\n \t<li>Guants de via ferrada<\/li>\r\n<\/ul>","affaires_personnelles_a_prevoir":"<h3>Assumptes personals per planificar<\/h3>\r\n<ul>\r\n \t<li>1 roba esportiva (preferiblement pantalons o pantalons curts, sense texans)<\/li>\r\n \t<li>sabates esportives amb sola gruixuda<\/li>\r\n \t<li>motxilla petita amb ampolles d'aigua<\/li>\r\n \t<li>1 impermeable<\/li>\r\n \t<li>ulleres de sol<\/li>\r\n<\/ul>","le_plus_d\u2019inextremis_aventura":"<h3>El + d'Inextremis Aventura<\/h3>\r\nSupervisi\u00f3 d'un instructor de barranquisme d'escalada amb certificat estatal franc\u00e8s amb m\u00e9s de 30 anys d'experi\u00e8ncia professional.","video":"<h3>Autres parcours<\/h3>\r\n<a href=\"https:\/\/www.inextremis-aventura.fr\/activites\/via-ferrata-intermediaire\/\">Via Ferrata Interm\u00e9diaire<\/a>\r\n<a href=\"https:\/\/www.inextremis-aventura.fr\/activites\/via-ferrata-la-panoramique\/\">Via Ferrata Panoramique<\/a>","niveau":"<div class=\"wpcbm-badge wpcbm-badge-10025 wpcbm-pid-8846 wpcbm-badge-style-04 wpcbm-badge-group-0 hint--top\" aria-label=\"\">\r\n<div class=\"wpcbm-badge-inner\"><strong>Nivell descobriment - 8 anys<\/strong><\/div>\r\n<\/div>","topographie":"<h3><strong>Fitxa t\u00e8cnica de la via ferrada<\/strong><\/h3>\r\n<strong>Activitat:<\/strong> Via Ferrata\r\n<strong>Nivell:<\/strong> La Pichona (Inicial i Familiar)\r\n<strong>Desnivell:<\/strong> 80 metres\r\n<strong>Longitud:<\/strong> 150 metres\r\n<strong>Durada de la pujada:<\/strong> 1h30\r\n<strong>Retorn a peu:<\/strong> per un cam\u00ed en 15 minuts\r\n<strong>Lloc:<\/strong> Saint Paul de Fenouillet\r\n<strong>Departament<\/strong>: Pyr\u00e9n\u00e9es Orientales\r\n<strong>Regi\u00f3:<\/strong> Occit\u00e0nia \u2013 Pirineus Mediterranis\r\n<strong>El vostre organitzador:<\/strong>\r\n<strong>Instructor:<\/strong> Certificat estatal franc\u00e8s d'escalada que acredita l'asseguran\u00e7a de responsabilitat civil professional + despeses de recerca i rescat.\r\n<strong>Idiomes parlats:<\/strong> franc\u00e8s, angl\u00e8s.\r\n<strong>Equip subministrat:<\/strong> Arn\u00e8s, cordes, cascs i guants.\r\n<strong>Equip personal que cal portar:<\/strong> cal\u00e7at i roba esportiva, k-way, barretes de cereals i una petita ampolla d'aigua de pl\u00e0stic.\r\n<strong>Transport:<\/strong> trobada al lloc\r\n<strong>Condicions:<\/strong>\r\nEdat m\u00ednima 8 anys\r\nNo tenir contraindicacions m\u00e8diques o f\u00edsiques per a les activitats proposades.\r\n<strong>Notes:<\/strong>\r\nEn funci\u00f3 del temps, l'organitzador pot decidir traslladar-se o cancel\u00b7lar una sortida per motius de seguretat.\r\nEn cas d'avaria o incompliment de l'equipament prestat espec\u00edfic de les activitats o vehicles de transport, la nostra empresa reclamar\u00e0 una indemnitzaci\u00f3 a la\/s persona\/s interessada\/s, aix\u00ed com en cas de p\u00e8rdua o robatori.","tarifs_de_la_sortie":"<h3>Preus de sortida<\/h3>\r\n<ul>\r\n \t<li><strong>Preu d'1 a 4 persones: 35 \u20ac\/persona<\/strong><\/li>\r\n \t<li><strong>Preu de 5 a 7 persones i m\u00e9s: 33\u20ac\/persona<\/strong><\/li>\r\n \t<li><strong>Preu de 8 a 12 persones i m\u00e9s: 30 \u20ac\/persona<\/strong><\/li>\r\n<\/ul>","infos_dates":"<h3>Altres dates<\/h3>\r\nVoleu una data diferent a les que es mostren per a la vostra excursi\u00f3 a la via ferrada?\r\nPodem configurar una sortida a simple petici\u00f3. Les sortides estan garantides a partir de 4 persones, si no s'arriba al m\u00ednim intentem col\u00b7locar-te amb un company on et reemborsarem l'import total que has pagat en reservar.","image_seule":"[caption id=\"attachment_8875\" align=\"aligncenter\" width=\"1024\"]<img class=\"wp-image-8875 size-large\" src=\"http:\/\/www.inextremis-aventura.fr\/wp-content\/uploads\/2023\/05\/via-ferrata-pichona-saint-paul-de-fenouillet-15-1024x768.jpg\" alt=\"Via Ferrata Pichona - Sant Paul de Fenollet\" width=\"1024\" height=\"768\" \/> Via Ferrata Pichona - Sant Pau de Fenollet[\/caption]","selectionner":"<span style=\"color: #ff0000;\"><strong>Seleccioneu el nombre total de places.<\/strong><\/span>","contact":"<a href=\"https:\/\/reservation.inextremis-aventura.fr\/nous-contacter\/\"><strong data-wp-editing=\"1\"><img class=\"alignnone wp-image-8222\" src=\"http:\/\/www.inextremis-aventura.fr\/wp-content\/uploads\/2022\/12\/icone-mail.png\" alt=\"info@inextremis-aventura.com\" width=\"38\" height=\"25\" \/> Contact !<\/strong><\/a>","tel":"<strong><img class=\"alignnone wp-image-8218\" src=\"http:\/\/www.inextremis-aventura.fr\/wp-content\/uploads\/2022\/12\/icone-tel.png\" alt=\"+33980850565\" width=\"25\" height=\"25\" \/>+33 980 850 565<\/strong>","portable":"<strong><img class=\"alignnone wp-image-8218\" src=\"http:\/\/www.inextremis-aventura.fr\/wp-content\/uploads\/2022\/12\/icone-tel.png\" alt=\"+33980850565\" width=\"25\" height=\"25\" \/>+33 629 564 036<\/strong>","situation":"<strong><a href=\"https:\/\/goo.gl\/maps\/sMFNHoxDRmRGMJAB9\" target=\"_blank\" rel=\"noopener\"><img class=\"alignnone wp-image-8229\" title=\"Locaux Inextremis Aventura\" src=\"http:\/\/www.inextremis-aventura.fr\/wp-content\/uploads\/2022\/12\/icone-place.png\" alt=\"Locaux Inextremis Aventura\" width=\"22\" height=\"25\" \/> Situaci\u00f3<\/a><\/strong>","image_topo":"","google_maps":{"address":"QFXX+F6 Lesquerde, France","lat":42.79862835641082341453511617146432399749755859375,"lng":2.49805927276611328125,"zoom":16,"place_id":"GhIJE9SVdDlmRUARzr-ngwb8A0A","city":"Lesquerde","state":"Occitanie","post_code":66220,"country":"France","country_short":"FR"},"informations_touristiques":"","informations_touristiques_2":"","ouverture-fermeture":"","champs":"<strong>Les dates en negreta s\u00f3n publicacions programades.\r\nDates ratllades o versions completes que no es poden fer clic.<\/strong>\r\n<span style=\"color: #ff0000;\"><strong>Si no trobeu dates reservaci\u00f3 sobre <a href=\"https:\/\/www.inextremis-aventura.fr\/activites\/via-ferrata-la-pichona\/\">la pagina francesa<\/a><\/strong><\/span>","lieu_de_rdv":"<h3>Lloc de trobada :<\/h3>","shema_evenement":"","tagmanager":"<!-- Google Tag Manager (noscript) --> <noscript><iframe src=\"https:\/\/www.googletagmanager.com\/ns.html?id=GTM-TXK7HFQX\" height=\"0\" width=\"0\" style=\"display:none;visibility:hidden\"><\/iframe><\/noscript> <!-- End Google Tag Manager (noscript) -->","bouton":""},"_links":{"self":[{"href":"https:\/\/reservation.inextremis-aventura.fr\/ca\/wp-json\/wp\/v2\/product\/11841","targetHints":{"allow":["GET"]}}],"collection":[{"href":"https:\/\/reservation.inextremis-aventura.fr\/ca\/wp-json\/wp\/v2\/product"}],"about":[{"href":"https:\/\/reservation.inextremis-aventura.fr\/ca\/wp-json\/wp\/v2\/types\/product"}],"replies":[{"embeddable":true,"href":"https:\/\/reservation.inextremis-aventura.fr\/ca\/wp-json\/wp\/v2\/comments?post=11841"}],"wp:featuredmedia":[{"embeddable":true,"href":"https:\/\/reservation.inextremis-aventura.fr\/ca\/wp-json\/wp\/v2\/media\/12928"}],"wp:attachment":[{"href":"https:\/\/reservation.inextremis-aventura.fr\/ca\/wp-json\/wp\/v2\/media?parent=11841"}],"wp:term":[{"taxonomy":"product_brand","embeddable":true,"href":"https:\/\/reservation.inextremis-aventura.fr\/ca\/wp-json\/wp\/v2\/product_brand?post=11841"},{"taxonomy":"product_cat","embeddable":true,"href":"https:\/\/reservation.inextremis-aventura.fr\/ca\/wp-json\/wp\/v2\/product_cat?post=11841"},{"taxonomy":"product_tag","embeddable":true,"href":"https:\/\/reservation.inextremis-aventura.fr\/ca\/wp-json\/wp\/v2\/product_tag?post=11841"}],"curies":[{"name":"wp","href":"https:\/\/api.w.org\/{rel}","templated":true}]}}

<p><strong>Escalada, escalada, travessa, escalada, vorejant, travessa, recorreguts aeris, vies altes, vies, gas, vistes a la vall, vertigen, buit, ets a la Via Ferrata. Cada cop són més les famílies que escullen la Via Ferrata com una nova forma de descobrir la muntanya. </strong></p>

<p><strong>Curs d&#8217;iniciació a la Via Ferrata a Saint Paul de Fenouillet per a una primera aproximació al món vertical.</strong><br />
Excel·lent exercici i primer pas a la vertical per a nens a partir de 8 anys, ideal per a famílies amb nens que no hagin escalat mai abans.</p>

<h3>Curs de Via Ferrata per a principiants a Saint Paul de Fenouillet per a una primera aproximació al penya-segat.</h3>
<b>Nivell:</b> principiant, ideal per a famílies amb nens que no han practicat mai
Exposició: sud-oest – Sense escapatòria.
<b>Edat:</b> A partir de 8 anys
<b>Durada:</b>aproximadament 2 hores
<h3>Organització i amp; Supervisió de via Ferrata</h3>
Perquè es pugui desenvolupar una sortida es requereix un mínim de 4 persones. Si sou menys de 4 persones i voleu fer una Via Ferrata supervisada per un monitor, feu clic a les dates amb una línia a continuació (sortida garantida), per saber les places que queden o poseu-vos en contacte amb nosaltres al 06 29 56 40 36, intentarem trobar una solució per a vostè.

<h3>Equip proporcionat per al teu descens</h3>
<ul>
 	<li>Arnès amb cordons dobles</li>
 	<li>Casc</li>
 	<li>Guants de via ferrada</li>
</ul>

<h3>El + d'Inextremis Aventura</h3>
Supervisió d'un instructor de barranquisme d'escalada amb certificat estatal francès amb més de 30 anys d'experiència professional.

<h3>Autres parcours</h3>
<a href="https://www.inextremis-aventura.fr/activites/via-ferrata-intermediaire/">Via Ferrata Intermédiaire</a>
<a href="https://www.inextremis-aventura.fr/activites/via-ferrata-la-panoramique/">Via Ferrata Panoramique</a>

<h3><strong>Fitxa tècnica de la via ferrada</strong></h3>
<strong>Activitat:</strong> Via Ferrata
<strong>Nivell:</strong> La Pichona (Inicial i Familiar)
<strong>Desnivell:</strong> 80 metres
<strong>Longitud:</strong> 150 metres
<strong>Durada de la pujada:</strong> 1h30
<strong>Retorn a peu:</strong> per un camí en 15 minuts
<strong>Lloc:</strong> Saint Paul de Fenouillet
<strong>Departament</strong>: Pyrénées Orientales
<strong>Regió:</strong> Occitània – Pirineus Mediterranis
<strong>El vostre organitzador:</strong>
<strong>Instructor:</strong> Certificat estatal francès d'escalada que acredita l'assegurança de responsabilitat civil professional + despeses de recerca i rescat.
<strong>Idiomes parlats:</strong> francès, anglès.
<strong>Equip subministrat:</strong> Arnès, cordes, cascs i guants.
<strong>Equip personal que cal portar:</strong> calçat i roba esportiva, k-way, barretes de cereals i una petita ampolla d'aigua de plàstic.
<strong>Transport:</strong> trobada al lloc
<strong>Condicions:</strong>
Edat mínima 8 anys
No tenir contraindicacions mèdiques o físiques per a les activitats proposades.
<strong>Notes:</strong>
En funció del temps, l'organitzador pot decidir traslladar-se o cancel·lar una sortida per motius de seguretat.
En cas d'avaria o incompliment de l'equipament prestat específic de les activitats o vehicles de transport, la nostra empresa reclamarà una indemnització a la/s persona/s interessada/s, així com en cas de pèrdua o robatori.

<h3>Preus de sortida</h3>
<ul>
 	<li><strong>Preu d'1 a 4 persones: 35 €/persona</strong></li>
 	<li><strong>Preu de 5 a 7 persones i més: 33€/persona</strong></li>
 	<li><strong>Preu de 8 a 12 persones i més: 30 €/persona</strong></li>
</ul>

<h3>Altres dates</h3>
Voleu una data diferent a les que es mostren per a la vostra excursió a la via ferrada?
Podem configurar una sortida a simple petició. Les sortides estan garantides a partir de 4 persones, si no s'arriba al mínim intentem col·locar-te amb un company on et reemborsarem l'import total que has pagat en reservar.

<strong><a href="https://goo.gl/maps/sMFNHoxDRmRGMJAB9" target="_blank" rel="noopener"><img class="alignnone wp-image-8229" title="Locaux Inextremis Aventura" src="http://www.inextremis-aventura.fr/wp-content/uploads/2022/12/icone-place.png" alt="Locaux Inextremis Aventura" width="22" height="25" /> Situació</a></strong>

<strong>Les dates en negreta són publicacions programades.
Dates ratllades o versions completes que no es poden fer clic.</strong>
<span style="color: #ff0000;"><strong>Si no trobeu dates reservació sobre <a href="https://www.inextremis-aventura.fr/activites/via-ferrata-la-pichona/">la pagina francesa</a></strong></span>
