{"id":11853,"date":"2024-10-01T18:44:46","date_gmt":"2024-10-01T16:44:46","guid":{"rendered":"https:\/\/reservation.inextremis-aventura.fr\/activites\/sense%20categoria\/lloguer-dequips-de-via-ferrata\/"},"modified":"2025-06-10T10:20:10","modified_gmt":"2025-06-10T08:20:10","slug":"lloguer-dequips-de-via-ferrata","status":"publish","type":"product","link":"https:\/\/reservation.inextremis-aventura.fr\/ca\/activitats\/lloguer-dequips-de-via-ferrata\/","title":{"rendered":"Lloguer d&#8217;equips de Via Ferrata"},"content":{"rendered":"<p><strong>Inextremis Aventura t&#8217;ofereix el lloguer de material per a l&#8217;ascensi\u00f3 de la Via Ferrata d&#8217;Am\u00e9lie les Bains.<\/strong><br \/>\nEquip que compleix les normes vigents (CE, UIAA, EPI) i est\u00e0 sotm\u00e8s a inspecci\u00f3 rigorosament inscrita en el registre obligatori de protecci\u00f3 individual. equipament.<\/p>\n","protected":false},"excerpt":{"rendered":"<p><strong>Inextremis Aventura t&#8217;ofereix el lloguer de material per a l&#8217;ascens de la Via Ferrata d&#8217;Am\u00e9lie les Bains.<\/strong> Material que compleix les normes vigents (CE, UIAA, EPI) i est\u00e0 sotm\u00e8s a un rigor\u00f3s control inscrit en el registre obligatori d&#8217;equips de protecci\u00f3 individual.<\/p>\n","protected":false},"featured_media":14175,"comment_status":"open","ping_status":"closed","template":"","meta":{"_acf_changed":false,"_seopress_robots_primary_cat":"none","_seopress_titles_title":"","_seopress_titles_desc":"Inextremis Aventura t'ofereix el lloguer de material per a l'ascens de la Via Ferrata d'Am\u00e9lie les Bains.\r\n Equip que compleix les normes CE, UIAA i PPE.","_seopress_robots_index":"","site-sidebar-layout":"no-sidebar","site-content-layout":"plain-container","ast-site-content-layout":"default","site-content-style":"default","site-sidebar-style":"default","ast-global-header-display":"","ast-banner-title-visibility":"","ast-main-header-display":"","ast-hfb-above-header-display":"","ast-hfb-below-header-display":"","ast-hfb-mobile-header-display":"","site-post-title":"disabled","ast-breadcrumbs-content":"","ast-featured-img":"disabled","footer-sml-layout":"","ast-disable-related-posts":"","theme-transparent-header-meta":"default","adv-header-id-meta":"","stick-header-meta":"default","header-above-stick-meta":"","header-main-stick-meta":"","header-below-stick-meta":"","astra-migrate-meta-layouts":"set","ast-page-background-enabled":"default","ast-page-background-meta":{"desktop":{"background-color":"var(--ast-global-color-4)","background-image":"","background-repeat":"repeat","background-position":"center center","background-size":"auto","background-attachment":"scroll","background-type":"","background-media":"","overlay-type":"","overlay-color":"","overlay-opacity":"","overlay-gradient":""},"tablet":{"background-color":"","background-image":"","background-repeat":"repeat","background-position":"center center","background-size":"auto","background-attachment":"scroll","background-type":"","background-media":"","overlay-type":"","overlay-color":"","overlay-opacity":"","overlay-gradient":""},"mobile":{"background-color":"","background-image":"","background-repeat":"repeat","background-position":"center center","background-size":"auto","background-attachment":"scroll","background-type":"","background-media":"","overlay-type":"","overlay-color":"","overlay-opacity":"","overlay-gradient":""}},"ast-content-background-meta":{"desktop":{"background-color":"var(--ast-global-color-5)","background-image":"","background-repeat":"repeat","background-position":"center center","background-size":"auto","background-attachment":"scroll","background-type":"","background-media":"","overlay-type":"","overlay-color":"","overlay-opacity":"","overlay-gradient":""},"tablet":{"background-color":"var(--ast-global-color-5)","background-image":"","background-repeat":"repeat","background-position":"center center","background-size":"auto","background-attachment":"scroll","background-type":"","background-media":"","overlay-type":"","overlay-color":"","overlay-opacity":"","overlay-gradient":""},"mobile":{"background-color":"var(--ast-global-color-5)","background-image":"","background-repeat":"repeat","background-position":"center center","background-size":"auto","background-attachment":"scroll","background-type":"","background-media":"","overlay-type":"","overlay-color":"","overlay-opacity":"","overlay-gradient":""}},"_glsr_average":5,"_glsr_ranking":3.75,"_glsr_reviews":2},"product_brand":[],"product_cat":[216,192],"product_tag":[],"class_list":{"0":"post-11853","1":"product","2":"type-product","3":"status-publish","4":"has-post-thumbnail","6":"product_cat-lloguer-de-material-via-ferrata","7":"product_cat-via-ferrata-ca","8":"desktop-align-center","9":"tablet-align-left","10":"mobile-align-left","11":"ast-product-gallery-layout-horizontal","12":"ast-product-gallery-with-no-image","13":"ast-magnify-disabled","15":"first","16":"instock","17":"virtual","18":"sold-individually","19":"purchasable","20":"product-type-booking"},"acf":{"short_description_en_h2":"<h2>[wpcode id=\"12596\"]<\/h2>","description_de_la_sortie":"Situada al pintoresc entorn dels Pirineus Orientals, <strong>la Via Ferrata del Roc de la Campana<\/strong> a Am\u00e9lie-les-Bains \u00e9s una aventura ineludible per als que busquen emocions i vistes espectaculars. Aquest curs segur, pensat per a esportistes de grau mitj\u00e0, et promet una immersi\u00f3 a la natura, al cor de la muntanya catalana.\r\n<h3>Una aventura per a tots els nivells<\/h3>\r\nDissenyada per a esportistes aficionats i aficionats a les vies ferrates, la Via Ferrata del Roc de la Campana ofereix una varietat d'obstacles i passatges que combinen repte i accessibilitat:\r\n<ul>\r\n \t<li><strong>Ruta classificada AD<\/strong> (bastant dif\u00edcil, dos petits passos amb una mica de pendent.<\/li>\r\n \t<li><strong>Seccions d'escalada bastant f\u00e0cils :<\/strong> Els esglaons i els cables instal\u00b7lats de manera segura permeten una progressi\u00f3 c\u00f2moda i segura al llarg de la paret, ideal per als nous en la disciplina, amb molt poc peu a la roca.<\/li>\r\n \t<li><strong>Ponts de corda vertiginosos :<\/strong> travessa aquests ponts penjants que afegeixen un toc d'adrenalina, alhora que ofereixen vistes \u00faniques de la vall de Mondony.<\/li>\r\n \t<li><strong>Ascensi\u00f3 a\u00e8ria amb panor\u00e0mica de 360\u00b0 :<\/strong> en arribar al cim, gaudeix d'unes vistes impressionants de les muntanyes de Saint Sauveur circumdants<\/li>\r\n<\/ul>\r\nL'itinerari, de nivell progressiu, \u00e9s ideal per introduir principiants alhora que ofereix als m\u00e9s experimentats una emocionant experi\u00e8ncia de muntanya.\r\n\r\n<span style=\"color: #ff0000;\"><strong>Aneu amb compte si mai no heu supervisat una Via Ferrata, no us embarcau en aquesta escalada de nivell AD amb principiants, la ruta no est\u00e0 recomanada per a menors de 12 anys. En cas de dubte, truca a un professional de l'activitat, per no trobar-te en greus dificultats... <\/strong><\/span>","materiel_fourni_pour_votre_descente":"","affaires_personnelles_a_prevoir":"<h3>Pertinences personals m\u00ednimes previstes<\/h3>\r\n<strong>La via ferrata \u00e9s una activitat esportiva, s'ha de vestir en conseq\u00fc\u00e8ncia : <\/strong>\r\nRoba esportiva c\u00f2moda, sabatilles esportives o cal\u00e7at de muntanya baixa que no rellisquin, crema solar, anorac en cas de pluja, ulleres de sol, portar una petita jaqueta extra ja que la temperatura pot variar. Barres d'aigua i energia.","le_plus_d\u2019inextremis_aventura":"<strong>Inextremis Aventura, especialista en activitats a l'aire lliure, us assessorar\u00e0 i us facilitar\u00e0 un equipament adaptat i normalitzat per a l'activitat de Via Ferrata.<\/strong>","video":"","niveau":"<h3>Nivell de la Via Ferrata :<\/h3>\r\nAD- (bastant dif\u00edcil)\r\n<h3>Utilitzeu Komoot per arribar-hi:<\/h3>\r\n<iframe src=\"https:\/\/www.komoot.com\/fr-fr\/collection\/3137219\/embed\" width=\"100%\" height=\"580\" frameborder=\"0\" scrolling=\"no\"><\/iframe>","topographie":"<strong>FITXA T\u00c8CNICA VIA FERRATA <\/strong>\r\nTerritori: Reyn\u00e8s\r\nAcc\u00e9s: Am\u00e9lie les bains\r\nDepartament: Pyr\u00e9n\u00e9es Orientales 66\r\nRegi\u00f3: Occit\u00e0nia \u2013 Pirineus Mediterranis\r\n<strong>Punt de sortida :<\/strong> Centre de la ciutat (no hi ha aparcament)\r\n<strong>Recorregut anada :<\/strong> a peu per un cam\u00ed de 40 minuts\r\n<strong>Intermedi : <\/strong> Nivell: AD-, llargada: 236 m, desnivell positiu 107 m, ponts de corda amb pas sobre cable o biga.\r\n<strong>Retorn : <\/strong> Ruta a peu per un cam\u00ed de 20 minuts.\r\n<strong>Distancia de les ciutats :<\/strong> C\u00e9ret (9 km - 16 min), Perpignan (38 km \u2013 45 min) , Argel\u00e8s sur Mer (34 km \u2013 40 min), Saint Cyprien (44 km, 46 min, Canet en Roussillon (49 km \u2013 55 min), Le Barcar\u00e8s (59 km \u2013 50 min), Narbonne (100 km \u2013 1h10), Montpellier (190 km \u2013 02h10),\r\nToulouse (190 km \u2013 02h10).","tarifs_de_la_sortie":"<h3>Preus de lloguer Equips subministrats :<\/h3>\r\nPack d'arnes amb cordons doble amb amortidor + cascs 20\u20ac\r\nArn\u00e9s + cordons dobles amb amortidor : 16 \u20ac\r\nCasc : 6 \u20ac\r\nManopoles : 4\u20ac","infos_dates":"<h3>Altres dates :<\/h3>\r\nVols una data diferent a les que es mostren per al lloguer d'equips ?\r\nContacta amb nosaltres per organitzar la vostra cita al +33 629 564 036.","image_seule":"[caption id=\"attachment_11525\" align=\"alignnone\" width=\"1600\"]<img class=\"size-full wp-image-11525\" src=\"http:\/\/www.inextremis-aventura.fr\/wp-content\/uploads\/2024\/10\/panneau-via-ferrata-roc-de-la-campana-amelie-les-bains-01.jpg\" alt=\"Via-Ferrata Roc de la Campana - Ruta interm\u00e8dia AD - Amelie les Bains - Pirineu Oriental\" width=\"1600\" height=\"1203\" \/> Via-Ferrata Roc de la Campana - Ruta interm\u00e8dia AD - Amelie les Bains - Pirineu Oriental[\/caption]","selectionner":"<span style=\"color: #ff0000;\"><strong>S\u00e9lectionner le nombre de place(s) total ci-dessus.<\/strong><\/span>","contact":"<a href=\"https:\/\/reservation.inextremis-aventura.fr\/nous-contacter\/\"><strong><img class=\"alignnone wp-image-8222\" src=\"https:\/\/www.inextremis-aventura.fr\/wp-content\/uploads\/2022\/12\/icone-mail.png\" alt=\"info@inextremis-aventura.com\" width=\"38\" height=\"25\" \/> Contact amb no-altres !<\/strong><\/a>","tel":"<strong><img class=\"alignnone wp-image-8218\" src=\"https:\/\/www.inextremis-aventura.fr\/wp-content\/uploads\/2022\/12\/icone-tel.png\" alt=\"+33980850565\" width=\"25\" height=\"25\" \/>09 80 85 05 65<\/strong>","portable":"<strong><img class=\"alignnone wp-image-8218\" src=\"https:\/\/www.inextremis-aventura.fr\/wp-content\/uploads\/2022\/12\/icone-tel.png\" alt=\"+33980850565\" width=\"25\" height=\"25\" \/>06 29 56 40 36<\/strong>","situation":"<strong><a href=\"https:\/\/goo.gl\/maps\/sMFNHoxDRmRGMJAB9\" target=\"_blank\" rel=\"noopener\"><img class=\"alignnone wp-image-8229\" title=\"Situaci\u00f3 &lt;br&gt;\" src=\"https:\/\/www.inextremis-aventura.fr\/wp-content\/uploads\/2022\/12\/icone-place.png\" alt=\"Situaci\u00f3 &lt;br&gt;\" width=\"22\" height=\"25\" \/> Situaci\u00f3\r\n<\/a><\/strong>","image_topo":"","google_maps":{"address":"14 Rue Baptiste Pams, 66150 Arles-sur-Tech, France","lat":42.46631967321953737837247899733483791351318359375,"lng":2.6539707183837890625,"zoom":16,"place_id":"ChIJd4qvrF6muhIR4LxbZdgp5jI","street_number":14,"street_name":"Rue Baptiste Pams","city":"Arles-sur-Tech","state":"Occitanie","post_code":66150,"country":"France","country_short":"FR"},"informations_touristiques":"Informacions touristiques","informations_touristiques_2":"","ouverture-fermeture":"","champs":"<strong>Dates en gras sorties programm\u00e9es.\r\nDates barr\u00e9es, ou non cliquables sorties compl\u00e8tes.<\/strong>","lieu_de_rdv":"<h3>Lloc de trobada :<\/h3>","shema_evenement":"","tagmanager":"<!-- Google Tag Manager (noscript) --> <noscript><iframe src=\"https:\/\/www.googletagmanager.com\/ns.html?id=GTM-TXK7HFQX\" height=\"0\" width=\"0\" style=\"display:none;visibility:hidden\"><\/iframe><\/noscript> <!-- End Google Tag Manager (noscript) -->","bouton":""},"_links":{"self":[{"href":"https:\/\/reservation.inextremis-aventura.fr\/ca\/wp-json\/wp\/v2\/product\/11853","targetHints":{"allow":["GET"]}}],"collection":[{"href":"https:\/\/reservation.inextremis-aventura.fr\/ca\/wp-json\/wp\/v2\/product"}],"about":[{"href":"https:\/\/reservation.inextremis-aventura.fr\/ca\/wp-json\/wp\/v2\/types\/product"}],"replies":[{"embeddable":true,"href":"https:\/\/reservation.inextremis-aventura.fr\/ca\/wp-json\/wp\/v2\/comments?post=11853"}],"wp:featuredmedia":[{"embeddable":true,"href":"https:\/\/reservation.inextremis-aventura.fr\/ca\/wp-json\/wp\/v2\/media\/14175"}],"wp:attachment":[{"href":"https:\/\/reservation.inextremis-aventura.fr\/ca\/wp-json\/wp\/v2\/media?parent=11853"}],"wp:term":[{"taxonomy":"product_brand","embeddable":true,"href":"https:\/\/reservation.inextremis-aventura.fr\/ca\/wp-json\/wp\/v2\/product_brand?post=11853"},{"taxonomy":"product_cat","embeddable":true,"href":"https:\/\/reservation.inextremis-aventura.fr\/ca\/wp-json\/wp\/v2\/product_cat?post=11853"},{"taxonomy":"product_tag","embeddable":true,"href":"https:\/\/reservation.inextremis-aventura.fr\/ca\/wp-json\/wp\/v2\/product_tag?post=11853"}],"curies":[{"name":"wp","href":"https:\/\/api.w.org\/{rel}","templated":true}]}}

<p><strong>Inextremis Aventura t&#8217;ofereix el lloguer de material per a l&#8217;ascensió de la Via Ferrata d&#8217;Amélie les Bains.</strong><br />
Equip que compleix les normes vigents (CE, UIAA, EPI) i està sotmès a inspecció rigorosament inscrita en el registre obligatori de protecció individual. equipament.</p>

<p><strong>Inextremis Aventura t&#8217;ofereix el lloguer de material per a l&#8217;ascens de la Via Ferrata d&#8217;Amélie les Bains.</strong> Material que compleix les normes vigents (CE, UIAA, EPI) i està sotmès a un rigorós control inscrit en el registre obligatori d&#8217;equips de protecció individual.</p>

Inextremis Aventura t'ofereix el lloguer de material per a l'ascens de la Via Ferrata d'Amélie les Bains.
 Equip que compleix les normes CE, UIAA i PPE.

Situada al pintoresc entorn dels Pirineus Orientals, <strong>la Via Ferrata del Roc de la Campana</strong> a Amélie-les-Bains és una aventura ineludible per als que busquen emocions i vistes espectaculars. Aquest curs segur, pensat per a esportistes de grau mitjà, et promet una immersió a la natura, al cor de la muntanya catalana.
<h3>Una aventura per a tots els nivells</h3>
Dissenyada per a esportistes aficionats i aficionats a les vies ferrates, la Via Ferrata del Roc de la Campana ofereix una varietat d'obstacles i passatges que combinen repte i accessibilitat:
<ul>
 	<li><strong>Ruta classificada AD</strong> (bastant difícil, dos petits passos amb una mica de pendent.</li>
 	<li><strong>Seccions d'escalada bastant fàcils :</strong> Els esglaons i els cables instal·lats de manera segura permeten una progressió còmoda i segura al llarg de la paret, ideal per als nous en la disciplina, amb molt poc peu a la roca.</li>
 	<li><strong>Ponts de corda vertiginosos :</strong> travessa aquests ponts penjants que afegeixen un toc d'adrenalina, alhora que ofereixen vistes úniques de la vall de Mondony.</li>
 	<li><strong>Ascensió aèria amb panoràmica de 360° :</strong> en arribar al cim, gaudeix d'unes vistes impressionants de les muntanyes de Saint Sauveur circumdants</li>
</ul>
L'itinerari, de nivell progressiu, és ideal per introduir principiants alhora que ofereix als més experimentats una emocionant experiència de muntanya.

<span style="color: #ff0000;"><strong>Aneu amb compte si mai no heu supervisat una Via Ferrata, no us embarcau en aquesta escalada de nivell AD amb principiants, la ruta no està recomanada per a menors de 12 anys. En cas de dubte, truca a un professional de l'activitat, per no trobar-te en greus dificultats... </strong></span>

<h3>Pertinences personals mínimes previstes</h3>
<strong>La via ferrata és una activitat esportiva, s'ha de vestir en conseqüència : </strong>
Roba esportiva còmoda, sabatilles esportives o calçat de muntanya baixa que no rellisquin, crema solar, anorac en cas de pluja, ulleres de sol, portar una petita jaqueta extra ja que la temperatura pot variar. Barres d'aigua i energia.

<strong>Inextremis Aventura, especialista en activitats a l'aire lliure, us assessorarà i us facilitarà un equipament adaptat i normalitzat per a l'activitat de Via Ferrata.</strong>

<h3>Nivell de la Via Ferrata :</h3>
AD- (bastant difícil)
<h3>Utilitzeu Komoot per arribar-hi:</h3>
<iframe src="https://www.komoot.com/fr-fr/collection/3137219/embed" width="100%" height="580" frameborder="0" scrolling="no"></iframe>

<strong>FITXA TÈCNICA VIA FERRATA </strong>
Territori: Reynès
Accés: Amélie les bains
Departament: Pyrénées Orientales 66
Regió: Occitània – Pirineus Mediterranis
<strong>Punt de sortida :</strong> Centre de la ciutat (no hi ha aparcament)
<strong>Recorregut anada :</strong> a peu per un camí de 40 minuts
<strong>Intermedi : </strong> Nivell: AD-, llargada: 236 m, desnivell positiu 107 m, ponts de corda amb pas sobre cable o biga.
<strong>Retorn : </strong> Ruta a peu per un camí de 20 minuts.
<strong>Distancia de les ciutats :</strong> Céret (9 km - 16 min), Perpignan (38 km – 45 min) , Argelès sur Mer (34 km – 40 min), Saint Cyprien (44 km, 46 min, Canet en Roussillon (49 km – 55 min), Le Barcarès (59 km – 50 min), Narbonne (100 km – 1h10), Montpellier (190 km – 02h10),
Toulouse (190 km – 02h10).

<h3>Preus de lloguer Equips subministrats :</h3>
Pack d'arnes amb cordons doble amb amortidor + cascs 20€
Arnés + cordons dobles amb amortidor : 16 €
Casc : 6 €
Manopoles : 4€

[caption id="attachment_11525" align="alignnone" width="1600"]<img class="size-full wp-image-11525" src="http://www.inextremis-aventura.fr/wp-content/uploads/2024/10/panneau-via-ferrata-roc-de-la-campana-amelie-les-bains-01.jpg" alt="Via-Ferrata Roc de la Campana - Ruta intermèdia AD - Amelie les Bains - Pirineu Oriental" width="1600" height="1203" /> Via-Ferrata Roc de la Campana - Ruta intermèdia AD - Amelie les Bains - Pirineu Oriental[/caption]

<span style="color: #ff0000;"><strong>Sélectionner le nombre de place(s) total ci-dessus.</strong></span>

<strong><a href="https://goo.gl/maps/sMFNHoxDRmRGMJAB9" target="_blank" rel="noopener"><img class="alignnone wp-image-8229" title="Situació &lt;br&gt;" src="https://www.inextremis-aventura.fr/wp-content/uploads/2022/12/icone-place.png" alt="Situació &lt;br&gt;" width="22" height="25" /> Situació
</a></strong>

<strong>Dates en gras sorties programmées.
Dates barrées, ou non cliquables sorties complètes.</strong>
