{"id":11913,"date":"2024-07-13T12:02:27","date_gmt":"2024-07-13T10:02:27","guid":{"rendered":"https:\/\/reservation.inextremis-aventura.fr\/activites\/sense%20categoria\/via-ferrata-roc-de-la-campana-amelie-les-bains\/"},"modified":"2025-02-26T14:15:43","modified_gmt":"2025-02-26T13:15:43","slug":"via-ferrata-el-roc-de-la-campana-amelie-les-bains","status":"publish","type":"product","link":"https:\/\/reservation.inextremis-aventura.fr\/ca\/activitats\/via-ferrata-el-roc-de-la-campana-amelie-les-bains\/","title":{"rendered":"Via Ferrata El Roc de la Campana &#8211; Amelie les Bains"},"content":{"rendered":"<p><strong>Pujar, creuar, escaladar, caminar al llarg, creuar, ruta a\u00e8ria, ruta en al\u00e7ada, rutes, gas, vista de la vall, mareig, buit, ets a la Via Ferrata. Cada cop s\u00f3n m\u00e9s les fam\u00edlies que escullen la Via Ferrata com una nova forma de descobrir la muntanya. <\/strong><\/p>\n<p><strong>Un curs intermedi d&#8217;iniciaci\u00f3 esportiva des de la Via Ferrata fins a Am\u00e9lie<\/strong> les Bains que ofereix boniques sensacions de buit durant tota l&#8217;ascensi\u00f3.<br \/>\nExcel\u00b7lent exercici vertical per a nens a partir de 12 anys i adolescents.<br \/>\nUn curs per descobrir l&#8217;activitat en modalitat d&#8217;iniciaci\u00f3 esportiva.<\/p>\n","protected":false},"excerpt":{"rendered":"<p><b><strong>Una nova Via-Ferrata als Pirineus Orientals, que inclou un curs intermedi d&#8217;iniciaci\u00f3 esportiva des de la Via Ferrata<\/strong><\/b> a Am\u00e9lie les Bains proporcionant boniques sensacions de buit durant l&#8217;ascens. Excel\u00b7lent exercici vertical per a nens a partir de 12 anys i adolescents.<\/p>\n","protected":false},"featured_media":13318,"comment_status":"open","ping_status":"closed","template":"","meta":{"_acf_changed":false,"_seopress_robots_primary_cat":"none","_seopress_titles_title":"Via Ferrata El Roc de la Campana Amelie les Bains","_seopress_titles_desc":"Nova Via Ferrata a Amelie les Bains als Pirineus Orientals amb un recorregut esportiu mitj\u00e0 que ofereix grans sensacions d'escalada.","_seopress_robots_index":"","site-sidebar-layout":"no-sidebar","site-content-layout":"page-builder","ast-site-content-layout":"full-width-container","site-content-style":"default","site-sidebar-style":"unboxed","ast-global-header-display":"","ast-banner-title-visibility":"","ast-main-header-display":"","ast-hfb-above-header-display":"","ast-hfb-below-header-display":"","ast-hfb-mobile-header-display":"","site-post-title":"disabled","ast-breadcrumbs-content":"","ast-featured-img":"disabled","footer-sml-layout":"","ast-disable-related-posts":"","theme-transparent-header-meta":"default","adv-header-id-meta":"","stick-header-meta":"default","header-above-stick-meta":"on","header-main-stick-meta":"","header-below-stick-meta":"","astra-migrate-meta-layouts":"set","ast-page-background-enabled":"default","ast-page-background-meta":{"desktop":{"background-color":"var(--ast-global-color-4)","background-image":"","background-repeat":"repeat","background-position":"center center","background-size":"auto","background-attachment":"scroll","background-type":"","background-media":"","overlay-type":"","overlay-color":"","overlay-opacity":"","overlay-gradient":""},"tablet":{"background-color":"","background-image":"","background-repeat":"repeat","background-position":"center center","background-size":"auto","background-attachment":"scroll","background-type":"","background-media":"","overlay-type":"","overlay-color":"","overlay-opacity":"","overlay-gradient":""},"mobile":{"background-color":"","background-image":"","background-repeat":"repeat","background-position":"center center","background-size":"auto","background-attachment":"scroll","background-type":"","background-media":"","overlay-type":"","overlay-color":"","overlay-opacity":"","overlay-gradient":""}},"ast-content-background-meta":{"desktop":{"background-color":"var(--ast-global-color-5)","background-image":"","background-repeat":"repeat","background-position":"center center","background-size":"auto","background-attachment":"scroll","background-type":"","background-media":"","overlay-type":"","overlay-color":"","overlay-opacity":"","overlay-gradient":""},"tablet":{"background-color":"var(--ast-global-color-5)","background-image":"","background-repeat":"repeat","background-position":"center center","background-size":"auto","background-attachment":"scroll","background-type":"","background-media":"","overlay-type":"","overlay-color":"","overlay-opacity":"","overlay-gradient":""},"mobile":{"background-color":"var(--ast-global-color-5)","background-image":"","background-repeat":"repeat","background-position":"center center","background-size":"auto","background-attachment":"scroll","background-type":"","background-media":"","overlay-type":"","overlay-color":"","overlay-opacity":"","overlay-gradient":""}},"_glsr_average":5,"_glsr_ranking":3.75,"_glsr_reviews":2},"product_brand":[],"product_cat":[222,192],"product_tag":[],"class_list":{"0":"post-11913","1":"product","2":"type-product","3":"status-publish","4":"has-post-thumbnail","6":"product_cat-ruta-mitjana-via-ferrata","7":"product_cat-via-ferrata-ca","8":"desktop-align-center","9":"tablet-align-left","10":"mobile-align-left","11":"ast-product-gallery-layout-horizontal","12":"ast-magnify-disabled","14":"first","15":"instock","16":"virtual","17":"product-type-simple"},"acf":{"short_description_en_h2":"<h2>[wpcode id=\"12596\"]<\/h2>","description_de_la_sortie":"<h3><strong>Organization i Via Ferrata coaching<\/strong><\/h3>\r\nFor an outing to be organized, a minimum of 4 people is required. If you are less than 4 people and want to do a Via Ferrata supervised by an instructor, click on the dates with a line below (guaranteed departure), to find out the number of places remaining or contact us on +33 629 564 036, we will We will try to find a solution for you.","materiel_fourni_pour_votre_descente":"<h3>Equip proporcionat per a l'ascens<\/h3>\r\n<ul>\r\n \t<li>Arn\u00e8s<\/li>\r\n \t<li>cordones<\/li>\r\n \t<li>cascos<\/li>\r\n \t<li>guants de via ferrada<\/li>\r\n<\/ul>","affaires_personnelles_a_prevoir":"<h3>Assumptes personals que s'han de planificar<\/h3>\r\n<ul>\r\n \t<li>1 vestit esportiu (trieu pantalons o pantalons retallats, sense texans)<\/li>\r\n \t<li>sabates esportives amb sola gruixuda<\/li>\r\n \t<li>motxilla petita amb ampolles d'aigua<\/li>\r\n \t<li>1 pe\u00e7a d'equip de pluja<\/li>\r\n \t<li>ulleres de sol<\/li>\r\n \t<li>Crema solar<\/li>\r\n<\/ul>","le_plus_d\u2019inextremis_aventura":"<h3>El + d'Inextremis Aventura<\/h3>\r\nSupervisi\u00f3 d'un instructor de barrancs d'escalada certificat per l'estat franc\u00e8s amb m\u00e9s de 10 anys d'experi\u00e8ncia professional.","video":"","niveau":"<div class=\"wpcbm-badge wpcbm-badge-10027 wpcbm-pid-8882 wpcbm-badge-style-04 wpcbm-badge-group-0 hint--top\" aria-label=\"\">\r\n<div class=\"wpcbm-badge-inner\"><strong>Nivell mitj\u00e0 - 12 anys<\/strong><\/div>\r\n<\/div>","topographie":"<strong>Activitat:<\/strong> Via Ferrata\r\n<strong>Nivell:<\/strong> esports mitj\u00e0\r\n<strong>Desnivell:<\/strong> 107 metres\r\n<strong>Longitud:<\/strong> 236 metres\r\n<strong>Durada de l'ascens:<\/strong> 1h30\r\n<strong>Anar a peu:<\/strong> per un cam\u00ed en 40 minuts\r\n<strong>Retorn a peu:<\/strong> per un cam\u00ed en 20 minuts\r\n<strong>Ubicaci\u00f3:<\/strong> Municipi de Reyn\u00e8s (accessible nom\u00e9s per Am\u00e9lie les Bains)\r\n<strong>Departament <\/strong>: Pyr\u00e9n\u00e9es Orientales\r\n<strong>Regi\u00f3: <\/strong>Occit\u00e0nia \u2013 Pirineus Mediterranis\r\n<strong>El vostre organitzador:<\/strong>\r\n<strong>Instructor:<\/strong> Certificat d'escalada estatal franc\u00e8s que acredita l'asseguran\u00e7a de responsabilitat civil professional + costos de recerca i rescat.\r\n<strong>Idiomes parlats:<\/strong> franc\u00e8s, angl\u00e8s.\r\n<strong>Transport:<\/strong> Trobada a l'aparcament Stade, sortida Am\u00e9lie les Bains direcci\u00f3 Arles sur Tech\r\n<strong>Condicions:<\/strong>\r\nEdat m\u00ednima 12 anys\r\nNo tenir contraindicaci\u00f3 m\u00e8dica o f\u00edsica per a les activitats proposades.\r\n<strong>Notes:<\/strong>\r\nEn funci\u00f3 del temps, l'organitzador pot decidir traslladar-se o cancel\u00b7lar una sortida com a mesura de seguretat.\r\nEn cas d'avaria o incompliment d'equips cedits propis de les activitats, vehicles de transport, la nostra empresa reclamar\u00e0 una indemnitzaci\u00f3 a la(s) persona(s) interessada(s), aix\u00ed com en cas de p\u00e8rdua o robatori.","tarifs_de_la_sortie":"<h3>Preus de sortida<\/h3>\r\nPreu d'1 a 4 persones: 50\u20ac\/persona\r\nPreu de 5 a 7 persones i m\u00e9s: 48\u20ac\/persona\r\nPreu de 8 a 10 persones i m\u00e9s: 46\u20ac\/persona","infos_dates":"<h3><strong>Altres dates: <\/strong><\/h3>\r\n<strong>Vols una data diferent de les que es mostren. Podem configurar una sortida a simple sol\u00b7licitud.\r\nLes sortides estan garantides a partir de 4 persones, si no s'arriba al nombre m\u00ednim intentarem col\u00b7locar-te amb un company o et retornarem la totalitat de l'import pagat en fer la reserva.<\/strong>","image_seule":"[caption id=\"attachment_10799\" align=\"aligncenter\" width=\"1400\"]<img class=\"wp-image-10799 size-full\" title=\"Via-Ferrata Roc de la Campana - Amelie les Bains - Pirineus Orientals\" src=\"https:\/\/www.inextremis-aventura.fr\/wp-content\/uploads\/2024\/07\/via-ferrata-mondonny-08a.jpg\" alt=\"Via-Ferrata Roc de la Campana - Amelie les Bains - Pirineus Orientals\" width=\"1400\" height=\"1050\" \/> Via-Ferrata Roc de la Campana - Amelie les Bains - Pirineus Orientals[\/caption]","selectionner":"","contact":"<a href=\"https:\/\/reservation.inextremis-aventura.fr\/nous-contacter\/\"><strong><img class=\"alignnone wp-image-8222\" src=\"http:\/\/www.inextremis-aventura.fr\/wp-content\/uploads\/2022\/12\/icone-mail.png\" alt=\"info@inextremis-aventura.com\" width=\"38\" height=\"25\" \/> Contact !<\/strong><\/a>","tel":"<strong><img class=\"alignnone wp-image-8218\" src=\"http:\/\/www.inextremis-aventura.fr\/wp-content\/uploads\/2022\/12\/icone-tel.png\" alt=\"+33980850565\" width=\"25\" height=\"25\" \/>+33 980 850 565<\/strong>","portable":"<strong><img class=\"alignnone wp-image-8218\" src=\"http:\/\/www.inextremis-aventura.fr\/wp-content\/uploads\/2022\/12\/icone-tel.png\" alt=\"+33980850565\" width=\"25\" height=\"25\" \/>+33 629 564 036<\/strong>","situation":"<strong><a href=\"https:\/\/goo.gl\/maps\/sMFNHoxDRmRGMJAB9\" target=\"_blank\" rel=\"noopener\"><img class=\"alignnone wp-image-8229\" title=\"Locaux Inextremis Aventura\" src=\"http:\/\/www.inextremis-aventura.fr\/wp-content\/uploads\/2022\/12\/icone-place.png\" alt=\"Locaux Inextremis Aventura\" width=\"22\" height=\"25\" \/> Situaci\u00f3<\/a><\/strong>","image_topo":"","google_maps":{"address":"36 Av. Alzine Rodone, 66150 Arles-sur-Tech, France","lat":42.47165374285065553294771234504878520965576171875,"lng":2.6621246337890625,"zoom":17,"place_id":"ChIJ2Zez5vmmuhIRSaRy5PSWFdY","street_number":36,"street_name":"Avenue Alzine Rodone","street_name_short":"Av. Alzine Rodone","city":"Arles-sur-Tech","state":"Occitanie","post_code":66150,"country":"France","country_short":"FR"},"informations_touristiques":"","informations_touristiques_2":"","ouverture-fermeture":"<h4><span style=\"color: #ff0000;\">Via Ferrata actualment tancada per manteniment<\/span><\/h4>","champs":"<strong>Dates en negreta llan\u00e7aments programats.\r\nDates ratllades o sortides completes que no es poden fer clic.<\/strong>","lieu_de_rdv":"<h3>Lloc de trobada :<\/h3>","shema_evenement":"","tagmanager":"<!-- Google Tag Manager (noscript) --> <noscript><iframe src=\"https:\/\/www.googletagmanager.com\/ns.html?id=GTM-TXK7HFQX\" height=\"0\" width=\"0\" style=\"display:none;visibility:hidden\"><\/iframe><\/noscript> <!-- End Google Tag Manager (noscript) -->","bouton":""},"_links":{"self":[{"href":"https:\/\/reservation.inextremis-aventura.fr\/ca\/wp-json\/wp\/v2\/product\/11913","targetHints":{"allow":["GET"]}}],"collection":[{"href":"https:\/\/reservation.inextremis-aventura.fr\/ca\/wp-json\/wp\/v2\/product"}],"about":[{"href":"https:\/\/reservation.inextremis-aventura.fr\/ca\/wp-json\/wp\/v2\/types\/product"}],"replies":[{"embeddable":true,"href":"https:\/\/reservation.inextremis-aventura.fr\/ca\/wp-json\/wp\/v2\/comments?post=11913"}],"wp:featuredmedia":[{"embeddable":true,"href":"https:\/\/reservation.inextremis-aventura.fr\/ca\/wp-json\/wp\/v2\/media\/13318"}],"wp:attachment":[{"href":"https:\/\/reservation.inextremis-aventura.fr\/ca\/wp-json\/wp\/v2\/media?parent=11913"}],"wp:term":[{"taxonomy":"product_brand","embeddable":true,"href":"https:\/\/reservation.inextremis-aventura.fr\/ca\/wp-json\/wp\/v2\/product_brand?post=11913"},{"taxonomy":"product_cat","embeddable":true,"href":"https:\/\/reservation.inextremis-aventura.fr\/ca\/wp-json\/wp\/v2\/product_cat?post=11913"},{"taxonomy":"product_tag","embeddable":true,"href":"https:\/\/reservation.inextremis-aventura.fr\/ca\/wp-json\/wp\/v2\/product_tag?post=11913"}],"curies":[{"name":"wp","href":"https:\/\/api.w.org\/{rel}","templated":true}]}}

<p><strong>Pujar, creuar, escaladar, caminar al llarg, creuar, ruta aèria, ruta en alçada, rutes, gas, vista de la vall, mareig, buit, ets a la Via Ferrata. Cada cop són més les famílies que escullen la Via Ferrata com una nova forma de descobrir la muntanya. </strong></p>
<p><strong>Un curs intermedi d&#8217;iniciació esportiva des de la Via Ferrata fins a Amélie</strong> les Bains que ofereix boniques sensacions de buit durant tota l&#8217;ascensió.<br />
Excel·lent exercici vertical per a nens a partir de 12 anys i adolescents.<br />
Un curs per descobrir l&#8217;activitat en modalitat d&#8217;iniciació esportiva.</p>

<p><b><strong>Una nova Via-Ferrata als Pirineus Orientals, que inclou un curs intermedi d&#8217;iniciació esportiva des de la Via Ferrata</strong></b> a Amélie les Bains proporcionant boniques sensacions de buit durant l&#8217;ascens. Excel·lent exercici vertical per a nens a partir de 12 anys i adolescents.</p>

Nova Via Ferrata a Amelie les Bains als Pirineus Orientals amb un recorregut esportiu mitjà que ofereix grans sensacions d'escalada.

<h3>Equip proporcionat per a l'ascens</h3>
<ul>
 	<li>Arnès</li>
 	<li>cordones</li>
 	<li>cascos</li>
 	<li>guants de via ferrada</li>
</ul>

<h3>Assumptes personals que s'han de planificar</h3>
<ul>
 	<li>1 vestit esportiu (trieu pantalons o pantalons retallats, sense texans)</li>
 	<li>sabates esportives amb sola gruixuda</li>
 	<li>motxilla petita amb ampolles d'aigua</li>
 	<li>1 peça d'equip de pluja</li>
 	<li>ulleres de sol</li>
 	<li>Crema solar</li>
</ul>

<h3>El + d'Inextremis Aventura</h3>
Supervisió d'un instructor de barrancs d'escalada certificat per l'estat francès amb més de 10 anys d'experiència professional.

<div class="wpcbm-badge wpcbm-badge-10027 wpcbm-pid-8882 wpcbm-badge-style-04 wpcbm-badge-group-0 hint--top" aria-label="">
<div class="wpcbm-badge-inner"><strong>Nivell mitjà - 12 anys</strong></div>
</div>

<strong>Activitat:</strong> Via Ferrata
<strong>Nivell:</strong> esports mitjà
<strong>Desnivell:</strong> 107 metres
<strong>Longitud:</strong> 236 metres
<strong>Durada de l'ascens:</strong> 1h30
<strong>Anar a peu:</strong> per un camí en 40 minuts
<strong>Retorn a peu:</strong> per un camí en 20 minuts
<strong>Ubicació:</strong> Municipi de Reynès (accessible només per Amélie les Bains)
<strong>Departament </strong>: Pyrénées Orientales
<strong>Regió: </strong>Occitània – Pirineus Mediterranis
<strong>El vostre organitzador:</strong>
<strong>Instructor:</strong> Certificat d'escalada estatal francès que acredita l'assegurança de responsabilitat civil professional + costos de recerca i rescat.
<strong>Idiomes parlats:</strong> francès, anglès.
<strong>Transport:</strong> Trobada a l'aparcament Stade, sortida Amélie les Bains direcció Arles sur Tech
<strong>Condicions:</strong>
Edat mínima 12 anys
No tenir contraindicació mèdica o física per a les activitats proposades.
<strong>Notes:</strong>
En funció del temps, l'organitzador pot decidir traslladar-se o cancel·lar una sortida com a mesura de seguretat.
En cas d'avaria o incompliment d'equips cedits propis de les activitats, vehicles de transport, la nostra empresa reclamarà una indemnització a la(s) persona(s) interessada(s), així com en cas de pèrdua o robatori.

<h3>Preus de sortida</h3>
Preu d'1 a 4 persones: 50€/persona
Preu de 5 a 7 persones i més: 48€/persona
Preu de 8 a 10 persones i més: 46€/persona

<h3><strong>Altres dates: </strong></h3>
<strong>Vols una data diferent de les que es mostren. Podem configurar una sortida a simple sol·licitud.
Les sortides estan garantides a partir de 4 persones, si no s'arriba al nombre mínim intentarem col·locar-te amb un company o et retornarem la totalitat de l'import pagat en fer la reserva.</strong>

<strong><a href="https://goo.gl/maps/sMFNHoxDRmRGMJAB9" target="_blank" rel="noopener"><img class="alignnone wp-image-8229" title="Locaux Inextremis Aventura" src="http://www.inextremis-aventura.fr/wp-content/uploads/2022/12/icone-place.png" alt="Locaux Inextremis Aventura" width="22" height="25" /> Situació</a></strong>

<strong>Dates en negreta llançaments programats.
Dates ratllades o sortides completes que no es poden fer clic.</strong>
