{"id":11927,"date":"2023-06-07T09:00:29","date_gmt":"2023-06-07T07:00:29","guid":{"rendered":"https:\/\/reservation.inextremis-aventura.fr\/?post_type=product&#038;p=11927"},"modified":"2025-03-12T12:34:07","modified_gmt":"2025-03-12T11:34:07","slug":"via-ferrata-la-panoramica","status":"publish","type":"product","link":"https:\/\/reservation.inextremis-aventura.fr\/ca\/activitats\/via-ferrata-la-panoramica\/","title":{"rendered":"Via Ferrata La Panoramica- Sant Pau de Fenollet &#8211; Pirineus Orientals"},"content":{"rendered":"<p><strong>Pujar, escalar,\u00a0 seguir, creuar, curs aeri, ruta alta, vies, gas, pont de corda, pont tibet\u00e0, vista de la vall, vertigen, buit, est\u00e0s en una Via Ferrata. <span class=\"jCAhz ChMk0b\"><span class=\"ryNqvb\">La Via Ferrata \u00e9s una excel\u00b7lent manera de descobrir el m\u00f3n vertical de la muntanya.<\/span><\/span><\/strong><\/p>\n","protected":false},"excerpt":{"rendered":"<p><strong>Puja la Via Ferrata La Panoramica a partir dels 14 anys, el gran esportista de Saint Paul de Fenouillet als Pirineus Orientals amb un instructor d&#8217;escalada franc\u00e8s titulat per l&#8217;estat que millorar\u00e0 les teves habilitats i t&#8217;ajudar\u00e0 a adquirir noves t\u00e8cniques de progressi\u00f3 al llarg de l&#8217;ascens.<\/strong><\/p>\n","protected":false},"featured_media":13000,"comment_status":"closed","ping_status":"closed","template":"","meta":{"_acf_changed":false,"_seopress_robots_primary_cat":"none","_seopress_titles_title":"Via Ferrata La Panoramique - Sant Pau de Fenollet","_seopress_titles_desc":"Un recorregut esportiu de Via Ferrata sobre vires vertiginoses, passatges careners, estrets, ponts de corda marquen aquest emocionant recorregut.","_seopress_robots_index":"","site-sidebar-layout":"no-sidebar","site-content-layout":"page-builder","ast-site-content-layout":"full-width-container","site-content-style":"unboxed","site-sidebar-style":"unboxed","ast-global-header-display":"","ast-banner-title-visibility":"","ast-main-header-display":"","ast-hfb-above-header-display":"","ast-hfb-below-header-display":"","ast-hfb-mobile-header-display":"","site-post-title":"disabled","ast-breadcrumbs-content":"","ast-featured-img":"disabled","footer-sml-layout":"","ast-disable-related-posts":"","theme-transparent-header-meta":"default","adv-header-id-meta":"","stick-header-meta":"default","header-above-stick-meta":"on","header-main-stick-meta":"","header-below-stick-meta":"","astra-migrate-meta-layouts":"set","ast-page-background-enabled":"default","ast-page-background-meta":{"desktop":{"background-color":"var(--ast-global-color-4)","background-image":"","background-repeat":"repeat","background-position":"center center","background-size":"auto","background-attachment":"scroll","background-type":"","background-media":"","overlay-type":"","overlay-color":"","overlay-opacity":"","overlay-gradient":""},"tablet":{"background-color":"","background-image":"","background-repeat":"repeat","background-position":"center center","background-size":"auto","background-attachment":"scroll","background-type":"","background-media":"","overlay-type":"","overlay-color":"","overlay-opacity":"","overlay-gradient":""},"mobile":{"background-color":"","background-image":"","background-repeat":"repeat","background-position":"center center","background-size":"auto","background-attachment":"scroll","background-type":"","background-media":"","overlay-type":"","overlay-color":"","overlay-opacity":"","overlay-gradient":""}},"ast-content-background-meta":{"desktop":{"background-color":"var(--ast-global-color-5)","background-image":"","background-repeat":"repeat","background-position":"center center","background-size":"auto","background-attachment":"scroll","background-type":"","background-media":"","overlay-type":"","overlay-color":"","overlay-opacity":"","overlay-gradient":""},"tablet":{"background-color":"var(--ast-global-color-5)","background-image":"","background-repeat":"repeat","background-position":"center center","background-size":"auto","background-attachment":"scroll","background-type":"","background-media":"","overlay-type":"","overlay-color":"","overlay-opacity":"","overlay-gradient":""},"mobile":{"background-color":"var(--ast-global-color-5)","background-image":"","background-repeat":"repeat","background-position":"center center","background-size":"auto","background-attachment":"scroll","background-type":"","background-media":"","overlay-type":"","overlay-color":"","overlay-opacity":"","overlay-gradient":""}},"_glsr_average":5,"_glsr_ranking":3.636363636363599827205916881212033331394195556640625,"_glsr_reviews":1},"product_brand":[],"product_cat":[218,192],"product_tag":[],"class_list":{"0":"post-11927","1":"product","2":"type-product","3":"status-publish","4":"has-post-thumbnail","6":"product_cat-esportiu-ruta-via-ferrata","7":"product_cat-via-ferrata-ca","8":"desktop-align-center","9":"tablet-align-left","10":"mobile-align-left","11":"ast-product-gallery-layout-horizontal","12":"ast-magnify-disabled","14":"first","15":"instock","16":"virtual","17":"sold-individually","18":"purchasable","19":"product-type-booking"},"acf":{"short_description_en_h2":"","description_de_la_sortie":"<strong>Un recorregut esportiu de Via Ferrata a Saint Paul de Fenouillet que ofereix meravelloses sensacions de llibertat i gas. Excel\u00b7lent exercici esportiu vertical per a adolescents i adults.<\/strong>\r\n<strong>Exposici\u00f3:<\/strong> Oest: sense escapar, possible circumval\u00b7laci\u00f3 per al pont de corda.\r\n<strong>Nivell:<\/strong> esportiu +, ideal per a persones que ja han practicat\r\n<strong>Edat:<\/strong> a partir de 14 anys","materiel_fourni_pour_votre_descente":"<h3>Equip proporcionat :<\/h3>\r\n<ul>\r\n \t<li>Arn\u00e8s amb cordons dobles<\/li>\r\n \t<li>Casc<\/li>\r\n \t<li>Guants de via ferrada<\/li>\r\n<\/ul>","affaires_personnelles_a_prevoir":"<h3>Assumptes personals per planificar<\/h3>\r\n<ul>\r\n \t<li>1 roba esportiva (preferiblement pantalons o pantalons curts, sense texans)<\/li>\r\n \t<li>sabates esportives amb sola gruixuda<\/li>\r\n \t<li>motxilla petita amb ampolles d'aigua<\/li>\r\n \t<li>1 impermeable<\/li>\r\n \t<li>ulleres de sol<\/li>\r\n<\/ul>","le_plus_d\u2019inextremis_aventura":"<h3>El + d'Inextremis Aventura<\/h3>\r\nSupervisi\u00f3 d'un instructor d'escalada certificat per l'estat franc\u00e8s amb m\u00e9s de 30 anys d'experi\u00e8ncia professional.","video":"","niveau":"<div class=\"wpcbm-badge wpcbm-badge-10037 wpcbm-pid-8927 wpcbm-badge-style-04 wpcbm-badge-group-0 hint--top\" aria-label=\"\">\r\n<div class=\"wpcbm-badge-inner\"><strong>Nivell esportiu - 14 anys<\/strong><\/div>\r\n<\/div>","topographie":"<h3><strong>Fitxa t\u00e8cnica de la Via Ferrata<\/strong><\/h3>\r\n<strong>Activitat:<\/strong> Via Ferrata\r\n<strong>Nivell:<\/strong> el Panor\u00e0mic (esportiu +)\r\n<strong>Desnivell:<\/strong> 300 metres\r\n<strong>Longitud:<\/strong> 900 metres\r\n<strong>Durada de la pujada:<\/strong> 3 hores\r\n<strong>Retorn a peu:<\/strong> per un cam\u00ed en 50 minuts\r\n<strong>Lloc:<\/strong> Saint Paul de Fenouillet\r\n<strong>Departament<\/strong>: Pyr\u00e9n\u00e9es Orientales\r\n<strong>Regi\u00f3:<\/strong> Occit\u00e0nia \u2013 Pirineus Mediterranis\r\n<strong>El vostre organitzador:<\/strong>\r\n<strong>Instructor:<\/strong> Certificat estatal franc\u00e8s d'escalada que acredita l'asseguran\u00e7a de responsabilitat civil professional + despeses de recerca i rescat.\r\n<strong>Idiomes parlats:<\/strong> franc\u00e8s, angl\u00e8s.\r\n<strong>Equip subministrat:<\/strong> Arn\u00e8s, cordes, cascs i guants.\r\n<strong>Equip personal que cal portar:<\/strong> cal\u00e7at i roba esportiva, k-way, barretes de cereals i una petita ampolla d'aigua de pl\u00e0stic.\r\n<strong>Transport:<\/strong> trobada al lloc\r\n<strong>Condicions:<\/strong> Edat m\u00ednima 14 anys, No tenir contraindicacions m\u00e8diques o f\u00edsiques per a les activitats proposades.\r\n<strong>Notes:<\/strong>depenent del temps, l'organitzador pot decidir traslladar o cancel\u00b7lar una sortida per motius de seguretat.\r\nEn cas d'avaria o incompliment de l'equipament prestat espec\u00edfic de les activitats o vehicles de transport, la nostra empresa reclamar\u00e0 una indemnitzaci\u00f3 a la\/s persona\/s interessada\/s, aix\u00ed com en cas de p\u00e8rdua o robatori.","tarifs_de_la_sortie":"<h3>Preus de sortida<\/h3>\r\nPreu d'1 a 3 persones: 55\u20ac\/persona\r\nPreu de 4 a 7 persones i m\u00e9s: 52\u20ac\/persona\r\nPreu de 8 a 12 persones i m\u00e9s: 49\u20ac\/persona","infos_dates":"<h3>Altres dates:<\/h3>\r\nVoleu una data diferent a les que es mostren per a la vostra excursi\u00f3 a la via ferrada?\r\nPodem configurar una sortida a simple petici\u00f3. Les sortides estan garantides a partir de 4 persones, si no s'arriba al nombre m\u00ednim intentem col\u00b7locar-te amb un company on et reemborsarem l'import total que has pagat en fer la reserva.","image_seule":"[caption id=\"attachment_8949\" align=\"aligncenter\" width=\"1400\"]<img class=\"wp-image-8949 size-full\" title=\"Via Ferrata La Panoramique - Saint Paul de Fenouillet - Pirineus Orientals\" src=\"http:\/\/www.inextremis-aventura.fr\/wp-content\/uploads\/2023\/06\/via-ferrata-panoramique-saint-paul-de-fenouillet-11-e1686123789953.jpg\" alt=\"Via Ferrata La Panoramique - Saint Paul de Fenouillet - Pirineus Orientals\" width=\"1400\" height=\"1050\" \/> Via Ferrata La Panoramique - Saint Paul de Fenouillet - Pirineus Orientals[\/caption]","selectionner":"<span style=\"color: #ff0000;\"><strong>Seleccioneu el nombre total de seients anteriors.<\/strong><\/span>","contact":"<a href=\"https:\/\/reservation.inextremis-aventura.fr\/nous-contacter\/\"><strong><img class=\"alignnone wp-image-8222\" src=\"http:\/\/www.inextremis-aventura.fr\/wp-content\/uploads\/2022\/12\/icone-mail.png\" alt=\"info@inextremis-aventura.com\" width=\"38\" height=\"25\" \/> Contact !<\/strong><\/a>","tel":"<strong><img class=\"alignnone wp-image-8218\" src=\"http:\/\/www.inextremis-aventura.fr\/wp-content\/uploads\/2022\/12\/icone-tel.png\" alt=\"+33980850565\" width=\"25\" height=\"25\" \/>+33 980 850 565<\/strong>","portable":"<strong><img class=\"alignnone wp-image-8218\" src=\"http:\/\/www.inextremis-aventura.fr\/wp-content\/uploads\/2022\/12\/icone-tel.png\" alt=\"+33980850565\" width=\"25\" height=\"25\" \/>+33 629 564 036<\/strong>","situation":"<strong><a href=\"https:\/\/goo.gl\/maps\/sMFNHoxDRmRGMJAB9\" target=\"_blank\" rel=\"noopener\"><img class=\"alignnone wp-image-8229\" title=\"Locaux Inextremis Aventura\" src=\"http:\/\/www.inextremis-aventura.fr\/wp-content\/uploads\/2022\/12\/icone-place.png\" alt=\"Locaux Inextremis Aventura\" width=\"22\" height=\"25\" \/> Situaci\u00f3<\/a><\/strong>","image_topo":"","google_maps":{"address":"QFXX+F6 Lesquerde, France","lat":42.79862835641082341453511617146432399749755859375,"lng":2.49805927276611328125,"zoom":17,"place_id":"GhIJE9SVdDlmRUARzr-ngwb8A0A","city":"Lesquerde","state":"Occitanie","post_code":66220,"country":"France","country_short":"FR"},"informations_touristiques":"","informations_touristiques_2":"","ouverture-fermeture":"","champs":"<strong>Les dates en negreta s\u00f3n publicacions programades.\r\nDates ratllades o versions completes que no es poden fer clic.\r\n<a href=\"https:\/\/www.inextremis-aventura.fr\/activites\/via-ferrata\/sportif-via-ferrata\/via-ferrata-la-panoramique\/\"><span style=\"color: #ff0000;\">Si no apareixen les dates, feu la vostra reserva des de les p\u00e0gines franceses.<\/span><\/a><\/strong>","lieu_de_rdv":"<h3>Lloc de trobada :<\/h3>","shema_evenement":"","tagmanager":"<!-- Google Tag Manager (noscript) --> <noscript><iframe src=\"https:\/\/www.googletagmanager.com\/ns.html?id=GTM-TXK7HFQX\" height=\"0\" width=\"0\" style=\"display:none;visibility:hidden\"><\/iframe><\/noscript> <!-- End Google Tag Manager (noscript) -->","bouton":""},"_links":{"self":[{"href":"https:\/\/reservation.inextremis-aventura.fr\/ca\/wp-json\/wp\/v2\/product\/11927","targetHints":{"allow":["GET"]}}],"collection":[{"href":"https:\/\/reservation.inextremis-aventura.fr\/ca\/wp-json\/wp\/v2\/product"}],"about":[{"href":"https:\/\/reservation.inextremis-aventura.fr\/ca\/wp-json\/wp\/v2\/types\/product"}],"replies":[{"embeddable":true,"href":"https:\/\/reservation.inextremis-aventura.fr\/ca\/wp-json\/wp\/v2\/comments?post=11927"}],"wp:featuredmedia":[{"embeddable":true,"href":"https:\/\/reservation.inextremis-aventura.fr\/ca\/wp-json\/wp\/v2\/media\/13000"}],"wp:attachment":[{"href":"https:\/\/reservation.inextremis-aventura.fr\/ca\/wp-json\/wp\/v2\/media?parent=11927"}],"wp:term":[{"taxonomy":"product_brand","embeddable":true,"href":"https:\/\/reservation.inextremis-aventura.fr\/ca\/wp-json\/wp\/v2\/product_brand?post=11927"},{"taxonomy":"product_cat","embeddable":true,"href":"https:\/\/reservation.inextremis-aventura.fr\/ca\/wp-json\/wp\/v2\/product_cat?post=11927"},{"taxonomy":"product_tag","embeddable":true,"href":"https:\/\/reservation.inextremis-aventura.fr\/ca\/wp-json\/wp\/v2\/product_tag?post=11927"}],"curies":[{"name":"wp","href":"https:\/\/api.w.org\/{rel}","templated":true}]}}

<p><strong>Pujar, escalar,  seguir, creuar, curs aeri, ruta alta, vies, gas, pont de corda, pont tibetà, vista de la vall, vertigen, buit, estàs en una Via Ferrata. <span class="jCAhz ChMk0b"><span class="ryNqvb">La Via Ferrata és una excel·lent manera de descobrir el món vertical de la muntanya.</span></span></strong></p>

<p><strong>Puja la Via Ferrata La Panoramica a partir dels 14 anys, el gran esportista de Saint Paul de Fenouillet als Pirineus Orientals amb un instructor d&#8217;escalada francès titulat per l&#8217;estat que millorarà les teves habilitats i t&#8217;ajudarà a adquirir noves tècniques de progressió al llarg de l&#8217;ascens.</strong></p>

<strong>Un recorregut esportiu de Via Ferrata a Saint Paul de Fenouillet que ofereix meravelloses sensacions de llibertat i gas. Excel·lent exercici esportiu vertical per a adolescents i adults.</strong>
<strong>Exposició:</strong> Oest: sense escapar, possible circumval·lació per al pont de corda.
<strong>Nivell:</strong> esportiu +, ideal per a persones que ja han practicat
<strong>Edat:</strong> a partir de 14 anys

<h3>Equip proporcionat :</h3>
<ul>
 	<li>Arnès amb cordons dobles</li>
 	<li>Casc</li>
 	<li>Guants de via ferrada</li>
</ul>

<h3>El + d'Inextremis Aventura</h3>
Supervisió d'un instructor d'escalada certificat per l'estat francès amb més de 30 anys d'experiència professional.

<h3><strong>Fitxa tècnica de la Via Ferrata</strong></h3>
<strong>Activitat:</strong> Via Ferrata
<strong>Nivell:</strong> el Panoràmic (esportiu +)
<strong>Desnivell:</strong> 300 metres
<strong>Longitud:</strong> 900 metres
<strong>Durada de la pujada:</strong> 3 hores
<strong>Retorn a peu:</strong> per un camí en 50 minuts
<strong>Lloc:</strong> Saint Paul de Fenouillet
<strong>Departament</strong>: Pyrénées Orientales
<strong>Regió:</strong> Occitània – Pirineus Mediterranis
<strong>El vostre organitzador:</strong>
<strong>Instructor:</strong> Certificat estatal francès d'escalada que acredita l'assegurança de responsabilitat civil professional + despeses de recerca i rescat.
<strong>Idiomes parlats:</strong> francès, anglès.
<strong>Equip subministrat:</strong> Arnès, cordes, cascs i guants.
<strong>Equip personal que cal portar:</strong> calçat i roba esportiva, k-way, barretes de cereals i una petita ampolla d'aigua de plàstic.
<strong>Transport:</strong> trobada al lloc
<strong>Condicions:</strong> Edat mínima 14 anys, No tenir contraindicacions mèdiques o físiques per a les activitats proposades.
<strong>Notes:</strong>depenent del temps, l'organitzador pot decidir traslladar o cancel·lar una sortida per motius de seguretat.
En cas d'avaria o incompliment de l'equipament prestat específic de les activitats o vehicles de transport, la nostra empresa reclamarà una indemnització a la/s persona/s interessada/s, així com en cas de pèrdua o robatori.

<h3>Preus de sortida</h3>
Preu d'1 a 3 persones: 55€/persona
Preu de 4 a 7 persones i més: 52€/persona
Preu de 8 a 12 persones i més: 49€/persona

<h3>Altres dates:</h3>
Voleu una data diferent a les que es mostren per a la vostra excursió a la via ferrada?
Podem configurar una sortida a simple petició. Les sortides estan garantides a partir de 4 persones, si no s'arriba al nombre mínim intentem col·locar-te amb un company on et reemborsarem l'import total que has pagat en fer la reserva.

<strong><a href="https://goo.gl/maps/sMFNHoxDRmRGMJAB9" target="_blank" rel="noopener"><img class="alignnone wp-image-8229" title="Locaux Inextremis Aventura" src="http://www.inextremis-aventura.fr/wp-content/uploads/2022/12/icone-place.png" alt="Locaux Inextremis Aventura" width="22" height="25" /> Situació</a></strong>

<strong>Les dates en negreta són publicacions programades.
Dates ratllades o versions completes que no es poden fer clic.
<a href="https://www.inextremis-aventura.fr/activites/via-ferrata/sportif-via-ferrata/via-ferrata-la-panoramique/"><span style="color: #ff0000;">Si no apareixen les dates, feu la vostra reserva des de les pàgines franceses.</span></a></strong>
