{"id":7813,"date":"2022-02-08T12:08:35","date_gmt":"2022-02-08T11:08:35","guid":{"rendered":"https:\/\/reservation.inextremis-aventura.fr\/activites\/Sense%20categoria\/targeta-regal-via-ferrata\/"},"modified":"2025-03-07T15:47:07","modified_gmt":"2025-03-07T14:47:07","slug":"targeta-regal-via-ferrata","status":"publish","type":"product","link":"https:\/\/reservation.inextremis-aventura.fr\/ca\/activitats\/targeta-regal-via-ferrata\/","title":{"rendered":"Targeta regal Via Ferrata"},"content":{"rendered":"<p><strong>Li permetr\u00e0 escollir la Via Ferrata que vulgui fer. L&#8217;import de la targeta regal es descomptar\u00e0 del cost total en el moment de fer la reserva mitjan\u00e7ant el codi de cup\u00f3 que apareixer\u00e0 a la targeta.<\/strong><\/p>\n<p><strong>Les tarifes seg\u00fcents coincideixen amb les seg\u00fcents vies ferrates:<\/strong><br \/>\n35 \u20ac : Via Ferrata La Pichona Sant Pau de Fenollet<br \/>\n40 \u20ac : Via Ferrata Intermedia Sant Pau de Fenollet<br \/>\n50 \u20ac : Via Ferrata Roc de la Campana Amelie les Bains<\/p>\n","protected":false},"excerpt":{"rendered":"<p><strong>Pots fer feli\u00e7 alg\u00fa proper, pel seu aniversari, per Nadal o en qualsevol altra ocasi\u00f3, oferint-li una targeta regal de Via Ferrata.<\/strong> Li permetr\u00e0 escollir la Via Ferrata que vulgui fer. L&#8217;import de la targeta regal es descomptar\u00e0 del cost total en el moment de fer la reserva mitjan\u00e7ant el codi de cup\u00f3 que apareixer\u00e0 a la targeta.<\/p>\n","protected":false},"featured_media":6743,"comment_status":"closed","ping_status":"closed","template":"","meta":{"_acf_changed":false,"_seopress_robots_primary_cat":"none","_seopress_titles_title":"","_seopress_titles_desc":"","_seopress_robots_index":"","site-sidebar-layout":"no-sidebar","site-content-layout":"default","ast-site-content-layout":"default","site-content-style":"default","site-sidebar-style":"default","ast-global-header-display":"","ast-banner-title-visibility":"","ast-main-header-display":"","ast-hfb-above-header-display":"","ast-hfb-below-header-display":"","ast-hfb-mobile-header-display":"","site-post-title":"disabled","ast-breadcrumbs-content":"","ast-featured-img":"","footer-sml-layout":"","ast-disable-related-posts":"","theme-transparent-header-meta":"disabled","adv-header-id-meta":"","stick-header-meta":"default","header-above-stick-meta":"","header-main-stick-meta":"","header-below-stick-meta":"","astra-migrate-meta-layouts":"set","ast-page-background-enabled":"default","ast-page-background-meta":{"desktop":{"background-color":"var(--ast-global-color-4)","background-image":"","background-repeat":"repeat","background-position":"center center","background-size":"auto","background-attachment":"scroll","background-type":"","background-media":"","overlay-type":"","overlay-color":"","overlay-opacity":"","overlay-gradient":""},"tablet":{"background-color":"","background-image":"","background-repeat":"repeat","background-position":"center center","background-size":"auto","background-attachment":"scroll","background-type":"","background-media":"","overlay-type":"","overlay-color":"","overlay-opacity":"","overlay-gradient":""},"mobile":{"background-color":"","background-image":"","background-repeat":"repeat","background-position":"center center","background-size":"auto","background-attachment":"scroll","background-type":"","background-media":"","overlay-type":"","overlay-color":"","overlay-opacity":"","overlay-gradient":""}},"ast-content-background-meta":{"desktop":{"background-color":"var(--ast-global-color-5)","background-image":"","background-repeat":"repeat","background-position":"center center","background-size":"auto","background-attachment":"scroll","background-type":"","background-media":"","overlay-type":"","overlay-color":"","overlay-opacity":"","overlay-gradient":""},"tablet":{"background-color":"var(--ast-global-color-5)","background-image":"","background-repeat":"repeat","background-position":"center center","background-size":"auto","background-attachment":"scroll","background-type":"","background-media":"","overlay-type":"","overlay-color":"","overlay-opacity":"","overlay-gradient":""},"mobile":{"background-color":"var(--ast-global-color-5)","background-image":"","background-repeat":"repeat","background-position":"center center","background-size":"auto","background-attachment":"scroll","background-type":"","background-media":"","overlay-type":"","overlay-color":"","overlay-opacity":"","overlay-gradient":""}},"_glsr_average":5,"_glsr_ranking":3.636363636363599827205916881212033331394195556640625,"_glsr_reviews":1},"product_brand":[235],"product_cat":[193,192],"product_tag":[68,194],"class_list":{"0":"post-7813","1":"product","2":"type-product","3":"status-publish","4":"has-post-thumbnail","6":"product_brand-inextremis-aventura-ca","7":"product_cat-val-regal","8":"product_cat-via-ferrata-ca","9":"product_tag-sant-paul-de-fenouillet","10":"product_tag-via-ferrata-ca","11":"desktop-align-center","12":"tablet-align-left","13":"mobile-align-left","14":"ast-product-gallery-layout-horizontal","15":"ast-magnify-disabled","16":"ast-product-single-variable","18":"first","19":"outofstock","20":"shipping-taxable","21":"purchasable","22":"product-type-variable"},"acf":{"short_description_en_h2":"<h2>[wpcode id=\"12596\"]<\/h2>","description_de_la_sortie":"","materiel_fourni_pour_votre_descente":"Equipament proporcionat per al vostre descens\r\nN\u00e9opren de baranc renfor\u00e7at\r\nArn\u00e8s amb doble cordons i descensor\r\nCasc\r\nSabates (del 36 al 47)","affaires_personnelles_a_prevoir":"Assumptes personals per planificar\r\n\r\nShort de banys\r\nMitjes obligatori\r\n1 parell de sabates esportives si \u00e9s de talla &lt; 36 o &gt; 47\r\nEl\u00e0stic de cabell per a nenes\r\nBotella d\u2019aigua","le_plus_d\u2019inextremis_aventura":"Supervisi\u00f3 d'un instructor de barrancs qualificat franc\u00e8s amb m\u00e9s de 30 anys d'experi\u00e8ncia professional sent un dels pioners del barranquisme a dels Pirineus Orientales i de Catalunya.\r\nS'organitza una llan\u00e7adora de minib\u00fas entre la part inferior i la part superior del can\u00f3, estalviant-vos la pujada molt pronunciada i dif\u00edcil de tornar al Barranc amb els vostres vehicles.\r\nSubministrament gratu\u00eft d'una c\u00e0mera impermeable per a tot el grup (segons disponibilitat) \u2013 Recuperaci\u00f3 gratu\u00efta de fotos per descarregar.","video":"","niveau":"","topographie":"","tarifs_de_la_sortie":"","infos_dates":"Vols una data diferent a les que es mostren per al teu viatge de barranquisme?\r\nPodem organitzar la sortida a simple sol\u00b7licitud.\r\nLes sortides estan garantides a partir de 4 persones, si no s'arriba al nombre m\u00ednim intentarem col\u00b7locar-te amb un company on et reemborsarem l'import total que has pagat en reservar.","image_seule":"","selectionner":"<span style=\"color: #ff0000;\"><strong>S\u00e9lectionner le nombre de place(s) total ci-dessus.<\/strong><\/span>","contact":"<a href=\"https:\/\/reservation.inextremis-aventura.fr\/nous-contacter\/\"><strong><img class=\"alignnone wp-image-8222\" src=\"https:\/\/www.inextremis-aventura.fr\/wp-content\/uploads\/2022\/12\/icone-mail.png\" alt=\"info@inextremis-aventura.com\" width=\"38\" height=\"25\" \/> Contact amb no-altres !<\/strong><\/a>","tel":"<strong><img class=\"alignnone wp-image-8218\" src=\"https:\/\/www.inextremis-aventura.fr\/wp-content\/uploads\/2022\/12\/icone-tel.png\" alt=\"+33980850565\" width=\"25\" height=\"25\" \/>09 80 85 05 65<\/strong>","portable":"<strong><img class=\"alignnone wp-image-8218\" src=\"https:\/\/www.inextremis-aventura.fr\/wp-content\/uploads\/2022\/12\/icone-tel.png\" alt=\"+33980850565\" width=\"25\" height=\"25\" \/>06 29 56 40 36<\/strong>","situation":"<strong><a href=\"https:\/\/goo.gl\/maps\/sMFNHoxDRmRGMJAB9\" target=\"_blank\" rel=\"noopener\"><img class=\"alignnone wp-image-8229\" title=\"Situaci\u00f3 &lt;br&gt;\" src=\"https:\/\/www.inextremis-aventura.fr\/wp-content\/uploads\/2022\/12\/icone-place.png\" alt=\"Situaci\u00f3 &lt;br&gt;\" width=\"22\" height=\"25\" \/> Situaci\u00f3\r\n<\/a><\/strong>","image_topo":"","google_maps":{"address":"via ferrata saint paul de fenouillet","lat":42.799654099999997924896888434886932373046875,"lng":2.498259800000000030451019483734853565692901611328125,"zoom":14,"place_id":"ChIJm-3j8KofsBIRTYx2WDoGIe4","street_name":"D619","city":"Saint-Paul-de-Fenouillet","state":"Occitanie","post_code":66220,"country":"France","country_short":"FR"},"informations_touristiques":"Informacions touristiques","informations_touristiques_2":"","ouverture-fermeture":"","champs":"<strong>Les dates en negreta s\u00f3n publicacions programades.\r\nDates ratllades o versions completes que no es poden fer clic.<\/strong>","lieu_de_rdv":"<h3>Lloc de trobada :<\/h3>","shema_evenement":"","tagmanager":"<!-- Google Tag Manager (noscript) --> <noscript><iframe src=\"https:\/\/www.googletagmanager.com\/ns.html?id=GTM-TXK7HFQX\" height=\"0\" width=\"0\" style=\"display:none;visibility:hidden\"><\/iframe><\/noscript> <!-- End Google Tag Manager (noscript) -->","bouton":""},"_links":{"self":[{"href":"https:\/\/reservation.inextremis-aventura.fr\/ca\/wp-json\/wp\/v2\/product\/7813","targetHints":{"allow":["GET"]}}],"collection":[{"href":"https:\/\/reservation.inextremis-aventura.fr\/ca\/wp-json\/wp\/v2\/product"}],"about":[{"href":"https:\/\/reservation.inextremis-aventura.fr\/ca\/wp-json\/wp\/v2\/types\/product"}],"replies":[{"embeddable":true,"href":"https:\/\/reservation.inextremis-aventura.fr\/ca\/wp-json\/wp\/v2\/comments?post=7813"}],"wp:featuredmedia":[{"embeddable":true,"href":"https:\/\/reservation.inextremis-aventura.fr\/ca\/wp-json\/wp\/v2\/media\/6743"}],"wp:attachment":[{"href":"https:\/\/reservation.inextremis-aventura.fr\/ca\/wp-json\/wp\/v2\/media?parent=7813"}],"wp:term":[{"taxonomy":"product_brand","embeddable":true,"href":"https:\/\/reservation.inextremis-aventura.fr\/ca\/wp-json\/wp\/v2\/product_brand?post=7813"},{"taxonomy":"product_cat","embeddable":true,"href":"https:\/\/reservation.inextremis-aventura.fr\/ca\/wp-json\/wp\/v2\/product_cat?post=7813"},{"taxonomy":"product_tag","embeddable":true,"href":"https:\/\/reservation.inextremis-aventura.fr\/ca\/wp-json\/wp\/v2\/product_tag?post=7813"}],"curies":[{"name":"wp","href":"https:\/\/api.w.org\/{rel}","templated":true}]}}

<p><strong>Li permetrà escollir la Via Ferrata que vulgui fer. L&#8217;import de la targeta regal es descomptarà del cost total en el moment de fer la reserva mitjançant el codi de cupó que apareixerà a la targeta.</strong></p>
<p><strong>Les tarifes següents coincideixen amb les següents vies ferrates:</strong><br />
35 € : Via Ferrata La Pichona Sant Pau de Fenollet<br />
40 € : Via Ferrata Intermedia Sant Pau de Fenollet<br />
50 € : Via Ferrata Roc de la Campana Amelie les Bains</p>

<p><strong>Pots fer feliç algú proper, pel seu aniversari, per Nadal o en qualsevol altra ocasió, oferint-li una targeta regal de Via Ferrata.</strong> Li permetrà escollir la Via Ferrata que vulgui fer. L&#8217;import de la targeta regal es descomptarà del cost total en el moment de fer la reserva mitjançant el codi de cupó que apareixerà a la targeta.</p>

Equipament proporcionat per al vostre descens
Néopren de baranc renforçat
Arnès amb doble cordons i descensor
Casc
Sabates (del 36 al 47)

Assumptes personals per planificar

Short de banys
Mitjes obligatori
1 parell de sabates esportives si és de talla &lt; 36 o &gt; 47
Elàstic de cabell per a nenes
Botella d’aigua

Supervisió d'un instructor de barrancs qualificat francès amb més de 30 anys d'experiència professional sent un dels pioners del barranquisme a dels Pirineus Orientales i de Catalunya.
S'organitza una llançadora de minibús entre la part inferior i la part superior del canó, estalviant-vos la pujada molt pronunciada i difícil de tornar al Barranc amb els vostres vehicles.
Subministrament gratuït d'una càmera impermeable per a tot el grup (segons disponibilitat) – Recuperació gratuïta de fotos per descarregar.

Vols una data diferent a les que es mostren per al teu viatge de barranquisme?
Podem organitzar la sortida a simple sol·licitud.
Les sortides estan garantides a partir de 4 persones, si no s'arriba al nombre mínim intentarem col·locar-te amb un company on et reemborsarem l'import total que has pagat en reservar.

<span style="color: #ff0000;"><strong>Sélectionner le nombre de place(s) total ci-dessus.</strong></span>

<strong><a href="https://goo.gl/maps/sMFNHoxDRmRGMJAB9" target="_blank" rel="noopener"><img class="alignnone wp-image-8229" title="Situació &lt;br&gt;" src="https://www.inextremis-aventura.fr/wp-content/uploads/2022/12/icone-place.png" alt="Situació &lt;br&gt;" width="22" height="25" /> Situació
</a></strong>

<strong>Les dates en negreta són publicacions programades.
Dates ratllades o versions completes que no es poden fer clic.</strong>
