{"id":879,"date":"2021-11-04T20:52:44","date_gmt":"2021-11-04T19:52:44","guid":{"rendered":"https:\/\/reservation.inextremis-aventura.fr\/shop\/Sense%20categoria\/barranc-del-llec-prades-pirineus-orientals\/"},"modified":"2025-08-15T18:35:28","modified_gmt":"2025-08-15T16:35:28","slug":"barranc-gorges-du-llec","status":"publish","type":"product","link":"https:\/\/reservation.inextremis-aventura.fr\/ca\/activitats\/barranc-gorges-du-llec\/","title":{"rendered":"Barranquisme al Llec &#8211; Prades &#8211; Pirineus Orientals"},"content":{"rendered":"<h3>Descripci\u00f3 del Barranc del Llech\u2026<\/h3>\n<p>Organitzem la baixada del Barranc del Llech, situat al Mass\u00eds del Canig\u00f3 i que \u00e9s un dels canyons m\u00e9s esportius del Pirineu Oriental catal\u00e0 pel seu cabal encara elevat.<br \/>\nSituat a pocs quil\u00f2metres de Prades a la poblaci\u00f3 d\u2019Estoher, Le Llech o Llec en catal\u00e0, \u00e9s una joia de les muntanyes pirinenques i el segon \u201cpunt\u201d franc\u00e8s per al barranquisme.<\/p>\n","protected":false},"excerpt":{"rendered":"<p>Barranquisme al Barranc del Llech en Conflent prop de Prades als Pirineus Orientals (66) al mass\u00eds del Canig\u00f3 (Canig\u00f3) Gran lloc a Fran\u00e7a, descens esportiu amb un instructor professional de barrancs diplomat d&#8217;estat franc\u00e8s de barranquisme&#8230;<\/p>\n","protected":false},"featured_media":13372,"comment_status":"open","ping_status":"closed","template":"","meta":{"_acf_changed":false,"_seopress_robots_primary_cat":"none","_seopress_titles_title":"Barranc del Llec - Prades - Pirineus Orientals","_seopress_titles_desc":"Barranquisme al Barranc de Llech en Conflent prop de Prades als Pirineus Orientals, descens esportiu amb un guia instructor professional de barrancs diplomat.","_seopress_robots_index":"","site-sidebar-layout":"no-sidebar","site-content-layout":"page-builder","ast-site-content-layout":"full-width-container","site-content-style":"unboxed","site-sidebar-style":"unboxed","ast-global-header-display":"","ast-banner-title-visibility":"","ast-main-header-display":"","ast-hfb-above-header-display":"","ast-hfb-below-header-display":"","ast-hfb-mobile-header-display":"","site-post-title":"disabled","ast-breadcrumbs-content":"","ast-featured-img":"disabled","footer-sml-layout":"","ast-disable-related-posts":"","theme-transparent-header-meta":"default","adv-header-id-meta":"","stick-header-meta":"default","header-above-stick-meta":"","header-main-stick-meta":"","header-below-stick-meta":"","astra-migrate-meta-layouts":"set","ast-page-background-enabled":"default","ast-page-background-meta":{"desktop":{"background-color":"var(--ast-global-color-4)","background-image":"","background-repeat":"repeat","background-position":"center center","background-size":"auto","background-attachment":"scroll","background-type":"","background-media":"","overlay-type":"","overlay-color":"","overlay-opacity":"","overlay-gradient":""},"tablet":{"background-color":"","background-image":"","background-repeat":"repeat","background-position":"center center","background-size":"auto","background-attachment":"scroll","background-type":"","background-media":"","overlay-type":"","overlay-color":"","overlay-opacity":"","overlay-gradient":""},"mobile":{"background-color":"","background-image":"","background-repeat":"repeat","background-position":"center center","background-size":"auto","background-attachment":"scroll","background-type":"","background-media":"","overlay-type":"","overlay-color":"","overlay-opacity":"","overlay-gradient":""}},"ast-content-background-meta":{"desktop":{"background-color":"var(--ast-global-color-5)","background-image":"","background-repeat":"repeat","background-position":"center center","background-size":"auto","background-attachment":"scroll","background-type":"","background-media":"","overlay-type":"","overlay-color":"","overlay-opacity":"","overlay-gradient":""},"tablet":{"background-color":"var(--ast-global-color-5)","background-image":"","background-repeat":"repeat","background-position":"center center","background-size":"auto","background-attachment":"scroll","background-type":"","background-media":"","overlay-type":"","overlay-color":"","overlay-opacity":"","overlay-gradient":""},"mobile":{"background-color":"var(--ast-global-color-5)","background-image":"","background-repeat":"repeat","background-position":"center center","background-size":"auto","background-attachment":"scroll","background-type":"","background-media":"","overlay-type":"","overlay-color":"","overlay-opacity":"","overlay-gradient":""}},"_glsr_average":5,"_glsr_ranking":3.75,"_glsr_reviews":2},"product_brand":[235],"product_cat":[46,133],"product_tag":[81,149,165,114,64],"class_list":{"0":"post-879","1":"product","2":"type-product","3":"status-publish","4":"has-post-thumbnail","6":"product_brand-inextremis-aventura-ca","7":"product_cat-barranquisme","8":"product_cat-molt-esportif","9":"product_tag-conflent-ca","10":"product_tag-llec","11":"product_tag-mig-dia","12":"product_tag-pirineus-orientals","13":"product_tag-prades-ca","14":"desktop-align-center","15":"tablet-align-left","16":"mobile-align-left","17":"ast-product-gallery-layout-horizontal","18":"ast-magnify-disabled","20":"first","21":"instock","22":"virtual","23":"product-type-simple"},"acf":{"short_description_en_h2":"<h2>[wpcode id=\"12596\"]<\/h2>","description_de_la_sortie":"Aut\u00e8ntica Aquacity natural, el Llech \u00e9s un dels canyons m\u00e9s l\u00fadics i aqu\u00e0tics del Pirineu Oriental.\r\nEl seu cabal encara important el d\u00f3na en barrancs esportius de nivell III. Es conserva per la gesti\u00f3 del recinte per part de l\u2019administraci\u00f3 i pel seu propietari que vetlla per un bon respecte al seu entorn i limita el seu \u00fas.\r\nPer tant, \u00e9s impossible fer aquest descens sense haver obtingut pr\u00e8viament una autoritzaci\u00f3 de pas del propietari sota pena de multa\u2026\r\nAl programa: El can\u00f3 del Llech compta amb 12 tobogans, 4 salts i 3 r\u00e0pels a les aig\u00fces efervescents del jaciment del Gran Mass\u00eds del Canig\u00f3 a Fran\u00e7a, a nom\u00e9s 30 minuts amb cotxe de Perpiny\u00e0 i a 40 minuts de les platges de Canet en Rossell\u00f3, Barcar\u00e8s\u2026\r\nDies de tancament administratiu Llech (multa de 1000 \u20ac\/pers): tots els dilluns i dijous.","materiel_fourni_pour_votre_descente":"<h3>Equipament proporcionat per al vostre descens<\/h3>\r\n<ul>\r\n \t<li>Vestit de can\u00f3 refor\u00e7at<\/li>\r\n \t<li>Arn\u00e8s amb cordons dobles i descensor<\/li>\r\n \t<li>Casc<\/li>\r\n \t<li>Sabates (de 36 a 47)<\/li>\r\n<\/ul>","affaires_personnelles_a_prevoir":"<h3>Pertinences personals a planificar<\/h3>\r\n<ul>\r\n \t<li>Vestit de bany<\/li>\r\n \t<li>Mitjons obligatoris<\/li>\r\n \t<li>1 parell de sabates esportives si mida &lt; 36 o &gt; 47<\/li>\r\n \t<li>El\u00e0stic de cabell per les nenes<\/li>\r\n \t<li>Ampolla d\u2019aigua<\/li>\r\n<\/ul>","le_plus_d\u2019inextremis_aventura":"<h3>El + d\u2019Inextremis Aventura<\/h3>\r\nSupervisi\u00f3 per un guia de barrancs qualificat d\u2019estat franc\u00e8s amb m\u00e9s de 30 anys d\u2019experi\u00e8ncia professional sent un dels pioners del barranquisme a les Pirineus Orientals, infant del pa\u00eds parlant catal\u00e0.\r\nSubministrament d\u2019una c\u00e0mera impermeable gratu\u00efta per a tot el grup (segons disponibilitat) \u2013 Recuperaci\u00f3 gratu\u00efta de fotografies per descarregar.","video":"https:\/\/youtu.be\/BZYnjakZUPk?si=FaS4jBymzzp-VVw1","niveau":"<div class=\"wpcbm-badge wpcbm-badge-10039 wpcbm-pid-684 wpcbm-badge-style-04 wpcbm-badge-group-0 hint--top\" aria-label=\"\">\r\n<div class=\"wpcbm-badge-inner\"><strong>Nivell molt esportiu - 14 anys<\/strong><\/div>\r\n<\/div>\r\n<div class=\"wpcbm-badge wpcbm-badge-10064 wpcbm-pid-657 wpcbm-badge-style-04 wpcbm-badge-group-0 hint--bottom\" aria-label=\"\">\r\n<div class=\"wpcbm-badge-inner\"><strong>Abril-octubre<\/strong><\/div>\r\n<\/div>","topographie":"<strong>Nom: Barranc del Llec<\/strong>\r\n<strong>Lloc: Gorges de Las Fous<\/strong>\r\n<strong>Municipi: Estoher<\/strong>\r\n<strong>Departament: Pirineus Orientals<\/strong>\r\n<strong>Regi\u00f3: Occit\u00e0nia - Pirineus Mediterrani<\/strong>\r\n<strong>Pa\u00eds: Fran\u00e7a<\/strong>\r\n<strong>0h35 caminada d'aproximaci\u00f3<\/strong>\r\n<strong>r\u00e0pel de 5 m<\/strong>\r\n<strong>Tobogan de 3 m<\/strong>\r\n<strong>Tobogan de 3 m<\/strong>\r\n<strong>Tobogan de 5 m<\/strong>\r\n<strong>r\u00e0pel-tobogan de 16 m<\/strong>\r\n<strong>Salt de 7 o 9 m<\/strong>\r\n<strong>Tobogan de 5 m<\/strong>\r\n<strong>Desescalada 3 m<\/strong>\r\n<strong>Tobogan de 2 m<\/strong>\r\n<strong>Caminar 100 m<\/strong>\r\n<strong>Desescalada 2 m<\/strong>\r\n<strong>Nedar i caminar 100 m<\/strong>\r\n<strong>Desescalada 3 m<\/strong>\r\n<strong>Tobogan de 2 m<\/strong>\r\n<strong>Salt de 5 m<\/strong>\r\n<strong>Salt de 4 m<\/strong>\r\n<strong>Tobogan de 3 m<\/strong>\r\n<strong>Lliscament de 3 m o salt de 5 m<\/strong>\r\n<strong>Tobogan de 5 m amb salt de 8 m<\/strong>\r\n<strong>Tobogan de 5 m<\/strong>\r\n<strong>r\u00e0pel de 15 m<\/strong>\r\n<strong>Tobogan de 6 m<\/strong>\r\n<strong>Tobogan de 7 m<\/strong>\r\n<strong>Salt de 3 m<\/strong>\r\n<strong>Descens entre 2h30 i 3h00 segons els grups<\/strong>\r\n<strong>0H40 caminant des de la sortida fins al vehicle<\/strong>","tarifs_de_la_sortie":"<h3>Preus de la sortida<\/h3>\r\n<ul>\r\n \t<li><strong> Tarifa adults d\u20191 a 4 persones : 65 \u20ac \/ pers <\/strong><\/li>\r\n \t<li><strong> Tarifa adults de 5 a 7 persones : 62 \u20ac \/ pers <\/strong><\/li>\r\n \t<li><strong> Tarifa adults de 8 a 10 persones : 59 \u20ac \/ pers <\/strong><\/li>\r\n \t<li><strong> Tarifa adolescent de 14 a 16 anys : 59 \u20ac\/pers <\/strong><\/li>\r\n<\/ul>","infos_dates":"<h3>Altres dates<\/h3>\r\nVols una data diferent a la que es mostra per al teu viatge de barranquisme ? Podem establir una sortida a petici\u00f3 fora de la temporada d\u2019estiu.","image_seule":"[caption id=\"attachment_9084\" align=\"alignnone\" width=\"1400\"]<img class=\"size-full wp-image-9084\" src=\"http:\/\/www.inextremis-aventura.fr\/wp-content\/uploads\/2021\/11\/canyon-du-llech-2023.jpg\" alt=\" Barranc Gorges del Llec - Pirineus Orientals\" width=\"1400\" height=\"1050\" \/> Barranc Gorges del Llec - Pirineus Orientals[\/caption]","selectionner":"<span style=\"color: #ff0000;\"><strong>Seleccioneu el nombre total de places.<\/strong><\/span>","contact":"<a href=\"https:\/\/reservation.inextremis-aventura.fr\/nous-contacter\/\"><strong><img class=\"alignnone wp-image-8222\" src=\"http:\/\/www.inextremis-aventura.fr\/wp-content\/uploads\/2022\/12\/icone-mail.png\" alt=\"info@inextremis-aventura.com\" width=\"38\" height=\"25\" \/> Contacte !<\/strong><\/a>","tel":"<strong><img class=\"alignnone wp-image-8218\" src=\"http:\/\/www.inextremis-aventura.fr\/wp-content\/uploads\/2022\/12\/icone-tel.png\" alt=\"+33980850565\" width=\"25\" height=\"25\" \/>+33 980 850 565<\/strong>","portable":"<strong><img class=\"alignnone wp-image-8218\" src=\"http:\/\/www.inextremis-aventura.fr\/wp-content\/uploads\/2022\/12\/icone-tel.png\" alt=\"+33980850565\" width=\"25\" height=\"25\" \/>+33 629 564 036<\/strong>","situation":"<strong><a href=\"https:\/\/goo.gl\/maps\/sMFNHoxDRmRGMJAB9\" target=\"_blank\" rel=\"noopener\"><img class=\"alignnone wp-image-8229\" title=\"Locaux Inextremis Aventura\" src=\"http:\/\/www.inextremis-aventura.fr\/wp-content\/uploads\/2022\/12\/icone-place.png\" alt=\"Locaux Inextremis Aventura\" width=\"22\" height=\"25\" \/> Situacio<\/a><\/strong>","image_topo":"<h3>Topografi\u00e0 del Barranc<\/h3>\r\n[caption id=\"attachment_784\" align=\"aligncenter\" width=\"1400\"]<img class=\"wp-image-784\" title=\"Topografi\u00e0 del Llec - Prades - Pirineus Orientals\" src=\"http:\/\/www.inextremis-aventura.fr\/wp-content\/uploads\/2021\/11\/topo-canyon-du-llech-scaled.webp\" alt=\"Topografi\u00e0 del Llec - Prades - Pirineus Orientals\" width=\"1400\" height=\"1339\" \/> Topografi\u00e0 del Llec - Prades - Pirineus Orientals[\/caption]","google_maps":{"address":"Maison des entreprises, Rond point du Canigou, 66500 Prades, France","lat":42.622462845760793470617500133812427520751953125,"lng":2.44032203584291007558704222901724278926849365234375,"zoom":18,"place_id":"ChIJRyxRDsD9rxIRKE0D4zH1ROU","city":"Prades","state":"Occitanie","post_code":66500,"country":"France","country_short":"FR"},"informations_touristiques":"","informations_touristiques_2":"","ouverture-fermeture":"","champs":"<strong>Dates en gras sorties programm\u00e9es.\r\nDates barr\u00e9es, ou non cliquables sorties compl\u00e8tes.<\/strong>","lieu_de_rdv":"<h3>Lieu de Rendez-vous :<\/h3>","shema_evenement":"","tagmanager":"<!-- Google Tag Manager (noscript) --> <noscript><iframe src=\"https:\/\/www.googletagmanager.com\/ns.html?id=GTM-TXK7HFQX\" height=\"0\" width=\"0\" style=\"display:none;visibility:hidden\"><\/iframe><\/noscript> <!-- End Google Tag Manager (noscript) -->","bouton":""},"_links":{"self":[{"href":"https:\/\/reservation.inextremis-aventura.fr\/ca\/wp-json\/wp\/v2\/product\/879","targetHints":{"allow":["GET"]}}],"collection":[{"href":"https:\/\/reservation.inextremis-aventura.fr\/ca\/wp-json\/wp\/v2\/product"}],"about":[{"href":"https:\/\/reservation.inextremis-aventura.fr\/ca\/wp-json\/wp\/v2\/types\/product"}],"replies":[{"embeddable":true,"href":"https:\/\/reservation.inextremis-aventura.fr\/ca\/wp-json\/wp\/v2\/comments?post=879"}],"wp:featuredmedia":[{"embeddable":true,"href":"https:\/\/reservation.inextremis-aventura.fr\/ca\/wp-json\/wp\/v2\/media\/13372"}],"wp:attachment":[{"href":"https:\/\/reservation.inextremis-aventura.fr\/ca\/wp-json\/wp\/v2\/media?parent=879"}],"wp:term":[{"taxonomy":"product_brand","embeddable":true,"href":"https:\/\/reservation.inextremis-aventura.fr\/ca\/wp-json\/wp\/v2\/product_brand?post=879"},{"taxonomy":"product_cat","embeddable":true,"href":"https:\/\/reservation.inextremis-aventura.fr\/ca\/wp-json\/wp\/v2\/product_cat?post=879"},{"taxonomy":"product_tag","embeddable":true,"href":"https:\/\/reservation.inextremis-aventura.fr\/ca\/wp-json\/wp\/v2\/product_tag?post=879"}],"curies":[{"name":"wp","href":"https:\/\/api.w.org\/{rel}","templated":true}]}}

<h3>Descripció del Barranc del Llech…</h3>
<p>Organitzem la baixada del Barranc del Llech, situat al Massís del Canigó i que és un dels canyons més esportius del Pirineu Oriental català pel seu cabal encara elevat.<br />
Situat a pocs quilòmetres de Prades a la població d’Estoher, Le Llech o Llec en català, és una joia de les muntanyes pirinenques i el segon “punt” francès per al barranquisme.</p>

<p>Barranquisme al Barranc del Llech en Conflent prop de Prades als Pirineus Orientals (66) al massís del Canigó (Canigó) Gran lloc a França, descens esportiu amb un instructor professional de barrancs diplomat d&#8217;estat francès de barranquisme&#8230;</p>

Autèntica Aquacity natural, el Llech és un dels canyons més lúdics i aquàtics del Pirineu Oriental.
El seu cabal encara important el dóna en barrancs esportius de nivell III. Es conserva per la gestió del recinte per part de l’administració i pel seu propietari que vetlla per un bon respecte al seu entorn i limita el seu ús.
Per tant, és impossible fer aquest descens sense haver obtingut prèviament una autorització de pas del propietari sota pena de multa…
Al programa: El canó del Llech compta amb 12 tobogans, 4 salts i 3 ràpels a les aigües efervescents del jaciment del Gran Massís del Canigó a França, a només 30 minuts amb cotxe de Perpinyà i a 40 minuts de les platges de Canet en Rosselló, Barcarès…
Dies de tancament administratiu Llech (multa de 1000 €/pers): tots els dilluns i dijous.

<h3>Equipament proporcionat per al vostre descens</h3>
<ul>
 	<li>Vestit de canó reforçat</li>
 	<li>Arnès amb cordons dobles i descensor</li>
 	<li>Casc</li>
 	<li>Sabates (de 36 a 47)</li>
</ul>

<h3>Pertinences personals a planificar</h3>
<ul>
 	<li>Vestit de bany</li>
 	<li>Mitjons obligatoris</li>
 	<li>1 parell de sabates esportives si mida &lt; 36 o &gt; 47</li>
 	<li>Elàstic de cabell per les nenes</li>
 	<li>Ampolla d’aigua</li>
</ul>

<h3>El + d’Inextremis Aventura</h3>
Supervisió per un guia de barrancs qualificat d’estat francès amb més de 30 anys d’experiència professional sent un dels pioners del barranquisme a les Pirineus Orientals, infant del país parlant català.
Subministrament d’una càmera impermeable gratuïta per a tot el grup (segons disponibilitat) – Recuperació gratuïta de fotografies per descarregar.

<strong>Nom: Barranc del Llec</strong>
<strong>Lloc: Gorges de Las Fous</strong>
<strong>Municipi: Estoher</strong>
<strong>Departament: Pirineus Orientals</strong>
<strong>Regió: Occitània - Pirineus Mediterrani</strong>
<strong>País: França</strong>
<strong>0h35 caminada d'aproximació</strong>
<strong>ràpel de 5 m</strong>
<strong>Tobogan de 3 m</strong>
<strong>Tobogan de 3 m</strong>
<strong>Tobogan de 5 m</strong>
<strong>ràpel-tobogan de 16 m</strong>
<strong>Salt de 7 o 9 m</strong>
<strong>Tobogan de 5 m</strong>
<strong>Desescalada 3 m</strong>
<strong>Tobogan de 2 m</strong>
<strong>Caminar 100 m</strong>
<strong>Desescalada 2 m</strong>
<strong>Nedar i caminar 100 m</strong>
<strong>Desescalada 3 m</strong>
<strong>Tobogan de 2 m</strong>
<strong>Salt de 5 m</strong>
<strong>Salt de 4 m</strong>
<strong>Tobogan de 3 m</strong>
<strong>Lliscament de 3 m o salt de 5 m</strong>
<strong>Tobogan de 5 m amb salt de 8 m</strong>
<strong>Tobogan de 5 m</strong>
<strong>ràpel de 15 m</strong>
<strong>Tobogan de 6 m</strong>
<strong>Tobogan de 7 m</strong>
<strong>Salt de 3 m</strong>
<strong>Descens entre 2h30 i 3h00 segons els grups</strong>
<strong>0H40 caminant des de la sortida fins al vehicle</strong>

<h3>Altres dates</h3>
Vols una data diferent a la que es mostra per al teu viatge de barranquisme ? Podem establir una sortida a petició fora de la temporada d’estiu.

<h3>Topografià del Barranc</h3>
[caption id="attachment_784" align="aligncenter" width="1400"]<img class="wp-image-784" title="Topografià del Llec - Prades - Pirineus Orientals" src="http://www.inextremis-aventura.fr/wp-content/uploads/2021/11/topo-canyon-du-llech-scaled.webp" alt="Topografià del Llec - Prades - Pirineus Orientals" width="1400" height="1339" /> Topografià del Llec - Prades - Pirineus Orientals[/caption]

<strong>Dates en gras sorties programmées.
Dates barrées, ou non cliquables sorties complètes.</strong>
